{"id":593,"date":"2025-02-25T12:05:31","date_gmt":"2025-02-25T15:05:31","guid":{"rendered":"http:\/\/10.1.5.86\/?page_id=593"},"modified":"2025-06-19T09:40:36","modified_gmt":"2025-06-19T12:40:36","slug":"admision-periodo-2024","status":"publish","type":"page","link":"https:\/\/www.vet.una.py\/?page_id=593","title":{"rendered":"Reglamentos de Admisi\u00f3n"},"content":{"rendered":"\n<p><\/p>\n\n\n\n<p><\/p>\n\n\n\n<ul class=\"wp-block-list\" style=\"font-style:normal;font-weight:200;margin-top:0;margin-bottom:0\"><li><a href=\"https:\/\/drive.google.com\/file\/d\/1iRRP6rWDfdgq29mROf3vb2XTUADwLxyX\/view\">Reglamento de Admisi\u00f3n 2018<\/a><\/li><li><a href=\"https:\/\/drive.google.com\/file\/d\/1qFS8Te120d6nG8Ntu1QjK03IaMR2jHFQ\/view\">Reglamento de Admisi\u00f3n 2017<\/a><\/li><li><a href=\"https:\/\/drive.google.com\/file\/d\/10i52Rl8Lrf8JCtQ3pYb88e0r8DC10pdV\/view\">Reglamento de Admisi\u00f3n 2012<\/a><\/li><\/ul>\n\n\n\n<p><\/p>\n\n\n\n<p><\/p>\n","protected":false},"excerpt":{"rendered":"<p>Reglamento de Admisi\u00f3n 2018 Reglamento de Admisi\u00f3n 2017 Reglamento de Admisi\u00f3n 2012<\/p>\n","protected":false},"author":4,"featured_media":3405,"parent":0,"menu_order":0,"comment_status":"closed","ping_status":"closed","template":"","meta":[],"_links":{"self":[{"href":"https:\/\/www.vet.una.py\/index.php?rest_route=\/wp\/v2\/pages\/593"}],"collection":[{"href":"https:\/\/www.vet.una.py\/index.php?rest_route=\/wp\/v2\/pages"}],"about":[{"href":"https:\/\/www.vet.una.py\/index.php?rest_route=\/wp\/v2\/types\/page"}],"author":[{"embeddable":true,"href":"https:\/\/www.vet.una.py\/index.php?rest_route=\/wp\/v2\/users\/4"}],"replies":[{"embeddable":true,"href":"https:\/\/www.vet.una.py\/index.php?rest_route=%2Fwp%2Fv2%2Fcomments&post=593"}],"version-history":[{"count":9,"href":"https:\/\/www.vet.una.py\/index.php?rest_route=\/wp\/v2\/pages\/593\/revisions"}],"predecessor-version":[{"id":4606,"href":"https:\/\/www.vet.una.py\/index.php?rest_route=\/wp\/v2\/pages\/593\/revisions\/4606"}],"wp:featuredmedia":[{"embeddable":true,"href":"https:\/\/www.vet.una.py\/index.php?rest_route=\/wp\/v2\/media\/3405"}],"wp:attachment":[{"href":"https:\/\/www.vet.una.py\/index.php?rest_route=%2Fwp%2Fv2%2Fmedia&parent=593"}],"curies":[{"name":"wp","href":"https:\/\/api.w.org\/{rel}","templated":true}]}}