{"id":589,"date":"2025-02-25T11:07:48","date_gmt":"2025-02-25T14:07:48","guid":{"rendered":"http:\/\/10.1.5.86\/?page_id=589"},"modified":"2025-08-08T08:39:19","modified_gmt":"2025-08-08T11:39:19","slug":"matriz-para-jefes-de-catedras-de-programas-y-calendarizacion-2016","status":"publish","type":"page","link":"https:\/\/www.vet.una.py\/?page_id=589","title":{"rendered":"Matriz para Jefes de C\u00e1tedras de Programas y Calendarizaci\u00f3n"},"content":{"rendered":"\n<div style=\"height:1px\" aria-hidden=\"true\" class=\"wp-block-spacer\"><\/div>\n\n\n\n<div style=\"height:36px\" aria-hidden=\"true\" class=\"wp-block-spacer\"><\/div>\n\n\n\n<h3 class=\"wp-elements-22d883f52f0488000bb8dd81d643a011 has-text-align-left wp-block-heading has-work-sans-font-family has-text-color has-link-color\" style=\"color:#921f53;font-size:25px\">Matriz para Jefes de C\u00e1tedras de Programa de Estudio del Plan Curricular Vigente y Calendario de Actividad Docente <\/h3>\n\n\n\n<p class=\"wp-elements-2d14dc2e941c3d103caedaf96d22bf07 has-foreground-color has-text-color has-link-color\"><a href=\"https:\/\/www.vet.una.py\/wp-content\/uploads\/2025\/08\/MODELO-CALENDARIZACION-Y-TP-2025-1.xlsx\"><strong>Formulario Editable en Formato Texto \u2013 Actualizado\u00a0<\/strong>(Descargar)<\/a><\/p>\n\n\n\n<p>REFERENCIAS DE LLENADO<\/p>\n\n\n\n<p><\/p>\n\n\n\n<ul class=\"wp-block-list\">\n\n<li class=\"wp-elements-07328a19f3885f8cecff4c3593ca306f has-foreground-color has-text-color has-link-color\">&nbsp;<strong>NOMBRE&nbsp;DE&nbsp;LA&nbsp;ASIGNATURA<\/strong><\/li>\n\n<\/ul>\n\n\n\n<p>En&nbsp;el recuadro&nbsp;deber\u00e1 consignarse&nbsp;el&nbsp;nombre correcto&nbsp;de&nbsp;la&nbsp;asignatura.<\/p>\n\n\n\n<p class=\"wp-elements-5c9cd924cfc0e35099cb0a8a2efb5f6f has-foreground-color has-text-color has-link-color\"><strong>1.\u2013&nbsp;Datos&nbsp;de&nbsp;la&nbsp;Asignatura<\/strong><\/p>\n\n\n\n<p><strong>Curso:\u00a0<\/strong><em>Asignar\u00a0el curso a\u00a0la\u00a0asignatura.<\/em><\/p>\n\n\n\n<p><strong>\u00c1rea:&nbsp;<\/strong>Definir:&nbsp;<em>\u00c1rea B\u00e1sica; \u00c1rea Pre-Profesional; \u00c1rea&nbsp;Profesionalizante<\/em><\/p>\n\n\n\n<p><strong>Departamento:&nbsp;<\/strong>Ej:&nbsp;<em>Ciencias&nbsp;Fisiol\u00f3gicas;&nbsp;Ciencias Morfol\u00f3gicas; Salud P\u00fablica, Etc.<\/em><\/p>\n\n\n\n<p><strong>Carga&nbsp;&nbsp;Horaria&nbsp;&nbsp;Total;&nbsp;&nbsp;Te\u00f3rica;&nbsp;&nbsp;Pr\u00e1ctica;&nbsp;&nbsp;Te\u00f3rico&nbsp;&nbsp;Pr\u00e1ctica:&nbsp;<\/strong><em>Las&nbsp;mismas&nbsp;&nbsp;ser\u00e1n&nbsp;asignadas concordantes con&nbsp;lo&nbsp;establecido&nbsp;en&nbsp;el Plande Estudios Vigente.<\/em><\/p>\n\n\n\n<hr class=\"wp-block-separator has-alpha-channel-opacity\"\/>\n\n\n\n<ul class=\"wp-block-list\">\n\n<li class=\"wp-elements-5047802874ad93a715dd33c5594149e8 has-foreground-color has-text-color has-link-color\">&nbsp;<strong>Datos&nbsp;del Plantel&nbsp;Docente<\/strong><\/li>\n\n<\/ul>\n\n\n\n<p><strong>Categor\u00eda\/Escalafonamiento:&nbsp;<\/strong>Se consignar\u00e1&nbsp;seg\u00fan&nbsp;Resoluci\u00f3n&nbsp;de Nombramiento.&nbsp;<em>Escalafonamiento&nbsp;Docente: Profesor&nbsp;Titular, Profesor Adjunto, Profesor Asistente.&nbsp;Categor\u00edas Especiales&nbsp;de Profesores:Docente&nbsp;Investigador con&nbsp;Dedicaci\u00f3n&nbsp;Completa,<\/em> <em>Profesor&nbsp;&nbsp;Contratado,&nbsp;&nbsp;Profesor&nbsp;&nbsp;Visitante,&nbsp;&nbsp;Profesor&nbsp;&nbsp;Encargado&nbsp;&nbsp;de&nbsp;C\u00e1tedra,&nbsp;&nbsp;Docente&nbsp;Libre,&nbsp;Docente Virtual. Auxiliares&nbsp;de&nbsp;la Ense\u00f1anza.<\/em><\/p>\n\n\n\n<p><strong>Nombres y&nbsp;Apellidos:&nbsp;<\/strong><em>Consignar&nbsp;nombres y&nbsp;apellidos&nbsp;de&nbsp;forma completa.<\/em><\/p>\n\n\n\n<hr class=\"wp-block-separator has-alpha-channel-opacity\"\/>\n\n\n\n<p class=\"wp-elements-7cde8ad368e73c8dfa5de4c54500070a has-foreground-color has-text-color has-link-color\"><strong>2.\u2013&nbsp;Justificaci\u00f3n&nbsp;de&nbsp;la&nbsp;asignatura<\/strong><\/p>\n\n\n\n<p><em>&nbsp;En&nbsp;el&nbsp;apartado se redactar\u00e1 y consignar\u00e1&nbsp;la&nbsp;justificaci\u00f3n o&nbsp;argumento&nbsp;que apoya o sustenta&nbsp;una&nbsp;<\/em><\/p>\n\n\n\n<p class=\"wp-elements-9948340809b4b6f28520c3745d09b853 has-foreground-color has-text-color has-link-color\"><strong>3.\u2013&nbsp;Objetivos&nbsp;de&nbsp;la&nbsp;asignatura<\/strong><\/p>\n\n\n\n<p><em>Ind\u00edquense&nbsp;los resultados&nbsp;de&nbsp;aprendizaje&nbsp;que se&nbsp;pretenden&nbsp;alcanzar.<\/em><\/p>\n\n\n\n<p class=\"wp-elements-2c00d2f9bb16a9240fc06b813064b130 has-foreground-color has-text-color has-link-color\"><strong>4.\u2013&nbsp;Contenidos&nbsp;Program\u00e1ticos<\/strong><\/p>\n\n\n\n<p><em>Ind\u00edquense&nbsp;&nbsp;los&nbsp;&nbsp;contenidos&nbsp;&nbsp;preferiblemente&nbsp;&nbsp;estructurados&nbsp;&nbsp;en&nbsp;Te\u00f3ricos,&nbsp;&nbsp;Pr\u00e1cticos,&nbsp;Te\u00f3rico-Pr\u00e1cticos.<\/em><\/p>\n\n\n\n<p class=\"wp-elements-deeeb41dce24b1a8454a300628be410b has-foreground-color has-text-color has-link-color\"><strong>5.\u2013&nbsp;Metodolog\u00edas&nbsp;docentes<\/strong><\/p>\n\n\n\n<p class=\"wp-elements-8f860bbc90d38629680f36376ec928c2 has-boulder-color has-text-color has-link-color\"><em>Describir&nbsp;las metodolog\u00edas&nbsp;docente&nbsp;de&nbsp;ense\u00f1anza-aprendizaje&nbsp;que se van a&nbsp;utilizar,&nbsp;tomando como&nbsp;referencia&nbsp;el&nbsp;adjunto.<\/em><\/p>\n\n\n\n<figure class=\"wp-block-table\"><table><tbody><tr><td><em><strong>Tipolog\u00eda<\/strong><\/em><\/td><td><em><strong>Descripci\u00f3n<\/strong><\/em><\/td><\/tr><tr><td><em>Actividades&nbsp;introductorias<\/em><\/td><td><em>Dirigidas a&nbsp;tomar contacto y&nbsp;recoger&nbsp;informaci\u00f3n&nbsp;delos&nbsp;alumnos y&nbsp;presentar&nbsp;la&nbsp;asignatura.<\/em><\/td><\/tr><tr><td><em>Clase&nbsp;&nbsp;magistral<\/em><\/td><td><em>Exposici\u00f3n&nbsp;de&nbsp;los contenidos&nbsp;de&nbsp;la&nbsp;asignatura.<\/em><\/td><\/tr><tr><td><em>Eventos cient\u00edficos<\/em><\/td><td><em>Asistencia a conferencias,&nbsp;aportaciones y exposiciones, con&nbsp;ponentes&nbsp;de&nbsp;prestigio.<\/em><\/td><\/tr><tr><td><em>Pr\u00e1cticas&nbsp;en&nbsp;el&nbsp;aula<\/em><\/td><td><em>Formulaci\u00f3n,&nbsp;an\u00e1lisis,&nbsp;resoluci\u00f3n y&nbsp;debate&nbsp;de un&nbsp;problema o&nbsp;ejercicio,&nbsp;relacionado con&nbsp;la tem\u00e1tica&nbsp;de&nbsp;la&nbsp;asignatura.<\/em><\/td><\/tr><tr><td><em>Pr\u00e1cticas&nbsp;en&nbsp;laboratorios<\/em><\/td><td><em>Ejercicios&nbsp;pr\u00e1cticos con&nbsp;material de&nbsp;laboratorio,pacientes,&nbsp;etc.<\/em><\/td><\/tr><tr><td><em>Pr\u00e1cticas&nbsp;en&nbsp;aulainform\u00e1ticas<\/em><\/td><td><em>Ejercicios&nbsp;pr\u00e1cticos a&nbsp;trav\u00e9s&nbsp;de&nbsp;las&nbsp;TIC, sobre&nbsp;la&nbsp;teor\u00eda.<\/em><\/td><\/tr><tr><td><em>Pr\u00e1cticas&nbsp;de campo<\/em><\/td><td><em>Salidas a&nbsp;identificar&nbsp;muestras.<\/em><\/td><\/tr><tr><td><em>Pr\u00e1cticas&nbsp;de visualizaci\u00f3n<\/em><\/td><td><em>Ejercicios&nbsp;de&nbsp;identificaci\u00f3n visual de&nbsp;objetos opreparaciones.<\/em><\/td><\/tr><tr><td><em>Pr\u00e1cticas&nbsp;externas<\/em><\/td><td><em>Visitas a&nbsp;empresas,&nbsp;instituciones\u2026<\/em><\/td><\/tr><tr><td><em>Seminarios<\/em><\/td><td><em>Trabajo&nbsp;en&nbsp;profundidad sobre&nbsp;un&nbsp;tema.&nbsp;Ampliaci\u00f3n&nbsp;de contenidos&nbsp;de sesiones&nbsp;magistrales.<\/em><\/td><\/tr><tr><td><em>Exposiciones<\/em><\/td><td><em>Presentaci\u00f3n&nbsp;oral&nbsp;por&nbsp;parte&nbsp;de&nbsp;los&nbsp;alumnos&nbsp;de&nbsp;un&nbsp;tema o&nbsp;trabajo<\/em> <em>(previa&nbsp;presentaci\u00f3n&nbsp;escrita).<\/em><\/td><\/tr><tr><td><em>Debates<\/em><\/td><td><em>Actividad&nbsp;donde&nbsp;dos o&nbsp;m\u00e1s&nbsp;grupos&nbsp;defiendenposturas contrarias sobre&nbsp;un&nbsp;tema&nbsp;determinado.<\/em><\/td><\/tr><tr><td><em>Tutor\u00edas<\/em><\/td><td><em>Tiempo&nbsp;atender y&nbsp;resolver&nbsp;dudas de&nbsp;los&nbsp;alumnos.<\/em><\/td><\/tr><tr><td><em>Preparaci\u00f3n&nbsp;de&nbsp;trabajos<\/em><\/td><td><em>Estudios&nbsp;previos:&nbsp;b\u00fasqueda,&nbsp;lectura y&nbsp;trabajo&nbsp;dedocumentaci\u00f3n.<\/em><\/td><\/tr><tr><td><em>Trabajos<\/em><\/td><td><em>Trabajos&nbsp;que&nbsp;realiza&nbsp;el&nbsp;alumno.<\/em><\/td><\/tr><tr><td><em>Resoluci\u00f3n&nbsp;de&nbsp;problemas<\/em><\/td><td><em>Ejercicios&nbsp;relacionados con&nbsp;la&nbsp;tem\u00e1tica&nbsp;de&nbsp;laasignatura,&nbsp;por&nbsp;parte&nbsp;del&nbsp;alumno.<\/em><\/td><\/tr><tr><td><em>Estudio&nbsp;de&nbsp;casos<\/em><\/td><td><em>Planteamiento&nbsp;de&nbsp;un caso&nbsp;donde&nbsp;se&nbsp;debe&nbsp;darrespuesta a&nbsp;la situaci\u00f3n&nbsp;planteada.<\/em><\/td><\/tr><tr><td><em>Foros&nbsp;de&nbsp;discusi\u00f3n<\/em><\/td><td><em>A&nbsp;trav\u00e9s&nbsp;de&nbsp;las&nbsp;TIC, se&nbsp;debaten&nbsp;temas&nbsp;relacionados con&nbsp;el&nbsp;\u00e1mbito&nbsp;acad\u00e9mico y\/o&nbsp;profesional.<\/em><\/td><\/tr><tr><td><em>Pruebas&nbsp;objetivas&nbsp;de&nbsp;tipotest<\/em><\/td><td><em>Preguntas cerradas con&nbsp;diferentes&nbsp;alternativas derespuesta.<\/em><\/td><\/tr><tr><td><em>Pruebas&nbsp;objetivas&nbsp;depreguntas cortas<\/em><\/td><td><em>Preguntas sobre&nbsp;un&nbsp;aspecto concreto.<\/em><\/td><\/tr><tr><td><em>Pruebas&nbsp;de&nbsp;desarrollo<\/em><\/td><td><em>Preguntas sobre&nbsp;un&nbsp;tema&nbsp;m\u00e1s&nbsp;amplio<\/em><\/td><\/tr><tr><td><em>Pruebas&nbsp;pr\u00e1cticas<\/em><\/td><td><em>Pruebas&nbsp;que&nbsp;incluyen&nbsp;actividades,&nbsp;problemas o casos aresolver.<\/em><\/td><\/tr><tr><td><em>Pruebas&nbsp;orales<\/em><\/td><td><em>Pruebas&nbsp;orales&nbsp;&nbsp;con&nbsp;preguntas&nbsp;abiertas y\/o cerradas<\/em><\/td><\/tr><\/tbody><\/table><\/figure>\n\n\n\n<p class=\"wp-elements-e0161d705265f9c5b449be37a0155a9b has-foreground-color has-text-color has-link-color\"><strong>6.\u2013 Previsi\u00f3n&nbsp;de&nbsp;distribuci\u00f3n&nbsp;de&nbsp;las&nbsp;metodolog\u00edas&nbsp;docentes<\/strong><\/p>\n\n\n\n<p><em>En&nbsp;los recuadros se consignar\u00e1&nbsp;la cantidad&nbsp;num\u00e9rica&nbsp;de&nbsp;tiempo (CargaHoraria) a ser&nbsp;utilizada&nbsp;en&nbsp;las&nbsp;distintas&nbsp;tipolog\u00edas&nbsp;de metodolog\u00edas&nbsp;de&nbsp;ense\u00f1anza-aprendizaje.<\/em><\/p>\n\n\n\n<p class=\"wp-elements-dbb2d7720a15c6f9e766c70f615941fc has-foreground-color has-text-color has-link-color\"><strong>7.\u2013&nbsp;Recursos&nbsp;Bibliogr\u00e1ficos<\/strong><\/p>\n\n\n\n<p><em>Indicar&nbsp;&nbsp;la&nbsp;&nbsp;bibliograf\u00eda&nbsp;b\u00e1sica y&nbsp;&nbsp;complementaria a&nbsp;utilizar&nbsp;&nbsp;para&nbsp;el&nbsp;desarrollo&nbsp;de&nbsp;los&nbsp;Contenidos Program\u00e1ticos&nbsp;propuestos.<\/em><\/p>\n\n\n\n<p class=\"wp-elements-bceda262f8feb6f287e92be870f3ea73 has-foreground-color has-text-color has-link-color\"><strong>8.\u2013 Evaluaci\u00f3n<\/strong><\/p>\n\n\n\n<p><em>Las&nbsp;pruebas&nbsp;de&nbsp;evaluaci\u00f3n&nbsp;que se&nbsp;dise\u00f1en&nbsp;deben&nbsp;evaluar si&nbsp;se&nbsp;hanadquirido&nbsp;las competencias&nbsp;descritas,&nbsp;por&nbsp;ello,&nbsp;es&nbsp; recomendable&nbsp;que&nbsp;aldescribir&nbsp;las&nbsp;pruebas se&nbsp;indiquen&nbsp;las competencias y resultados&nbsp;deaprendizaje&nbsp;que se&nbsp;eval\u00faan.<\/em><\/p>\n\n\n\n<p class=\"wp-elements-91dd457033789625be25905427169158 has-foreground-color has-text-color has-link-color\"><strong>9.\u2013&nbsp;Organizaci\u00f3n&nbsp;Docente \u2013&nbsp;Calendario&nbsp;de&nbsp;Actividades&nbsp;Docentes<\/strong><\/p>\n\n\n\n<p class=\"wp-elements-8e77362416cc4cd2e49bea47004f59a6 has-text-color has-link-color\" style=\"color:#921f53\"><em>En&nbsp;el cuadro&nbsp;presentado,deber\u00e1 consignarse:<\/em><\/p>\n\n\n\n<ul style=\"font-style:normal;font-weight:200\" class=\"wp-block-list\">\n\n<li>&nbsp;<em>Fechas&nbsp;de&nbsp;desarrollo&nbsp;de&nbsp;los&nbsp;Contenidos Program\u00e1ticos&nbsp;propuesto&nbsp;en&nbsp;el\u00edtems&nbsp;4 en formato dd\/mm\/yyyy. Ej.: 05\/03\/2016<\/em><\/li>\n\n\n<li>&nbsp;<em>N\u00b0&nbsp;de&nbsp;Clases,&nbsp;por&nbsp;orden&nbsp;decreciente.<\/em><\/li>\n\n\n<li>&nbsp;<em>Nombres y Apellidos&nbsp;del\/los&nbsp;Docente\/s Asignado\/s&nbsp;para&nbsp;el&nbsp;desarrollo&nbsp;delos&nbsp;Contenidos<\/em><\/li>\n\n<\/ul>\n\n\n\n<p class=\"wp-elements-8b010614251fadc01e9ce80e026ad757 has-text-color has-link-color\" style=\"color:#921f53\"><em>Program\u00e1ticos.<\/em><\/p>\n\n\n\n<ul style=\"font-style:normal;font-weight:200\" class=\"wp-block-list\">\n\n<li style=\"font-style:normal;font-weight:200\">&nbsp;<em>Contenidos Program\u00e1ticos a&nbsp;Desarrollar, seg\u00fan&nbsp;el&nbsp;\u00edtems 4&nbsp;propuesto.<\/em><\/li>\n\n\n<li>&nbsp;<em>Carga&nbsp;Horaria&nbsp;Te\u00f3rica a&nbsp;&nbsp;utilizar&nbsp;&nbsp;para mencionado&nbsp;Contenido Program\u00e1tico y&nbsp;&nbsp;fecha respectiva.<\/em><\/li>\n\n\n<li>&nbsp;<em>Carga&nbsp;Horaria Pr\u00e1ctica a&nbsp;utilizar&nbsp;&nbsp;para mencionado&nbsp;Contenido Program\u00e1tico y&nbsp;fecha respectiva.<\/em><\/li>\n\n\n<li>&nbsp;<em>Carga&nbsp;Horaria&nbsp;Te\u00f3rico-Pr\u00e1ctica a&nbsp;utilizar&nbsp;para mencionado&nbsp;Contenido Program\u00e1tico y&nbsp;fecha respectiva.<\/em><\/li>\n\n\n<li>&nbsp;<em>Sumatoria&nbsp;de&nbsp;Carga&nbsp;Horaria&nbsp;utilizada&nbsp;en cada clase.<\/em><\/li>\n\n\n<li>&nbsp;<em>Al&nbsp;pie&nbsp;del cuadro: Sumatoria&nbsp;total&nbsp;de&nbsp;Carga&nbsp;Horaria&nbsp;Te\u00f3rica,&nbsp;CargaHoraria Pr\u00e1ctica y&nbsp;Carga&nbsp;Horaria&nbsp;Te\u00f3rico-Pr\u00e1ctica&nbsp;utilizada&nbsp;para&nbsp;eldesarrollo completo&nbsp;de&nbsp;los&nbsp;Contenidos Program\u00e1ticos&nbsp;propuestos, concordantes con&nbsp;la &nbsp; &nbsp; &nbsp; &nbsp; &nbsp; &nbsp;carga&nbsp;horaria&nbsp;total&nbsp;disponible&nbsp;por&nbsp;asignatura.<\/em><\/li>\n\n<\/ul>\n\n\n\n<div style=\"height:42px\" aria-hidden=\"true\" class=\"wp-block-spacer\"><\/div>\n","protected":false},"excerpt":{"rendered":"<p>Matriz para Jefes de C\u00e1tedras de Programa de Estudio del Plan Curricular Vigente y Calendario [&hellip;]<\/p>\n","protected":false},"author":4,"featured_media":2894,"parent":0,"menu_order":0,"comment_status":"closed","ping_status":"closed","template":"","meta":[],"_links":{"self":[{"href":"https:\/\/www.vet.una.py\/index.php?rest_route=\/wp\/v2\/pages\/589"}],"collection":[{"href":"https:\/\/www.vet.una.py\/index.php?rest_route=\/wp\/v2\/pages"}],"about":[{"href":"https:\/\/www.vet.una.py\/index.php?rest_route=\/wp\/v2\/types\/page"}],"author":[{"embeddable":true,"href":"https:\/\/www.vet.una.py\/index.php?rest_route=\/wp\/v2\/users\/4"}],"replies":[{"embeddable":true,"href":"https:\/\/www.vet.una.py\/index.php?rest_route=%2Fwp%2Fv2%2Fcomments&post=589"}],"version-history":[{"count":10,"href":"https:\/\/www.vet.una.py\/index.php?rest_route=\/wp\/v2\/pages\/589\/revisions"}],"predecessor-version":[{"id":7872,"href":"https:\/\/www.vet.una.py\/index.php?rest_route=\/wp\/v2\/pages\/589\/revisions\/7872"}],"wp:featuredmedia":[{"embeddable":true,"href":"https:\/\/www.vet.una.py\/index.php?rest_route=\/wp\/v2\/media\/2894"}],"wp:attachment":[{"href":"https:\/\/www.vet.una.py\/index.php?rest_route=%2Fwp%2Fv2%2Fmedia&parent=589"}],"curies":[{"name":"wp","href":"https:\/\/api.w.org\/{rel}","templated":true}]}}