{"id":501,"date":"2025-02-25T10:29:07","date_gmt":"2025-02-25T13:29:07","guid":{"rendered":"http:\/\/10.1.5.86\/?page_id=501"},"modified":"2025-07-10T11:50:44","modified_gmt":"2025-07-10T14:50:44","slug":"biblioteca","status":"publish","type":"page","link":"https:\/\/www.vet.una.py\/?page_id=501","title":{"rendered":"Biblioteca"},"content":{"rendered":"\n<figure class=\"wp-container-2 wp-block-gallery-1 wp-block-gallery has-nested-images columns-6 is-cropped\">\n<figure class=\"wp-block-image size-large\"><a href=\"https:\/\/www.vet.una.py\/?page_id=501\"><img loading=\"lazy\" width=\"776\" height=\"279\" data-id=\"1574\"  src=\"https:\/\/www.vet.una.py\/wp-content\/uploads\/2025\/03\/inicio-1.png\" alt=\"\" class=\"wp-image-1574\"\/><\/a><\/figure>\n\n\n\n<figure class=\"wp-block-image size-full\"><a href=\"https:\/\/www.cnc.una.py\/opac\/\"><img loading=\"lazy\" width=\"774\" height=\"276\" data-id=\"2026\"  src=\"https:\/\/www.vet.una.py\/wp-content\/uploads\/2025\/04\/OPAC-SGB-1.png\" alt=\"\" class=\"wp-image-2026\"\/><\/a><\/figure>\n\n\n\n<figure class=\"wp-block-image size-full\"><a href=\"https:\/\/www.vet.una.py\/?page_id=1979\"><img loading=\"lazy\" width=\"774\" height=\"277\" data-id=\"1998\"  src=\"https:\/\/www.vet.una.py\/wp-content\/uploads\/2025\/04\/bibliotecas-virtuales.png\" alt=\"\" class=\"wp-image-1998\"\/><\/a><\/figure>\n\n\n\n<figure class=\"wp-block-image size-full\"><a href=\"https:\/\/www.vet.una.py\/?page_id=1983\"><img loading=\"lazy\" width=\"774\" height=\"277\" data-id=\"1999\"  src=\"https:\/\/www.vet.una.py\/wp-content\/uploads\/2025\/04\/catalogos.png\" alt=\"\" class=\"wp-image-1999\"\/><\/a><\/figure>\n\n\n\n<figure class=\"wp-block-image size-large\"><a href=\"https:\/\/www.vet.una.py\/?page_id=1986\"><img loading=\"lazy\" width=\"774\" height=\"277\" data-id=\"2002\"  src=\"https:\/\/www.vet.una.py\/wp-content\/uploads\/2025\/04\/revistas-electronicas.png\" alt=\"\" class=\"wp-image-2002\"\/><\/a><\/figure>\n\n\n\n<figure class=\"wp-block-image size-full\"><a href=\"https:\/\/www.vet.una.py\/?page_id=1994\"><img loading=\"lazy\" width=\"773\" height=\"277\" data-id=\"2001\"  src=\"https:\/\/www.vet.una.py\/wp-content\/uploads\/2025\/04\/servicios.png\" alt=\"\" class=\"wp-image-2001\"\/><\/a><\/figure>\n<\/figure>\n\n\n\n<div class=\"wp-container-5 wp-block-columns alignfull are-vertically-aligned-top\">\n<div class=\"wp-container-3 wp-block-column is-vertically-aligned-top\" style=\"flex-basis:10%\">\n<h6 class=\"wp-block-heading\">Categor\u00eda<\/h6>\n\n\n\n<hr class=\"wp-block-separator has-alpha-channel-opacity is-style-wide\" style=\"margin-top:0;margin-bottom:0\"\/>\n\n\n\n<p class=\"wp-elements-fee7f2b96e6defa98fd4c93a73e44909 has-secondary-color has-text-color has-link-color\" style=\"font-size:15px;margin-top:0;margin-bottom:0\"><a href=\"https:\/\/www.vet.una.py\/?page_id=2064\">Tesis de Grado<\/a><\/p>\n\n\n\n<p class=\"wp-elements-bd5652985974a3bb207d4f42fc17e9dd has-secondary-color has-text-color has-link-color\" style=\"font-size:15px;margin-top:0;margin-bottom:0\"><a href=\"https:\/\/www.vet.una.py\/?page_id=2076\">Tesis de Posgrado<\/a><\/p>\n\n\n\n<p style=\"font-size:15px;margin-top:0;margin-bottom:0\">Libros<\/p>\n\n\n\n<p style=\"font-size:15px;margin-top:0;margin-bottom:0\">Revistas<\/p>\n\n\n\n<div style=\"height:12px\" aria-hidden=\"true\" class=\"wp-block-spacer\"><\/div>\n\n\n\n<h6 class=\"wp-block-heading\">Enlaces de inter\u00e9s<\/h6>\n\n\n\n<hr class=\"wp-block-separator has-alpha-channel-opacity is-style-wide\" style=\"margin-top:0;margin-bottom:0\"\/>\n\n\n\n<p class=\"wp-elements-e35bd82388b425336d22ad98647eb46c has-secondary-color has-text-color has-link-color\" style=\"font-size:15px;margin-top:0;margin-bottom:0\"><a href=\"https:\/\/cicco.conacyt.gov.py\/\">CICCO<\/a><\/p>\n\n\n\n<p class=\"wp-elements-c824ba63af0b7a62caeccff7f77bb218 has-secondary-color has-text-color has-link-color\" style=\"font-size:15px;margin-top:0;margin-bottom:0\"><a href=\"https:\/\/biblioteca.una.py\/\">Libros Online<\/a><\/p>\n\n\n\n<p class=\"wp-elements-cebbf3ce3c6f11ed6774a24702725c94 has-secondary-color has-text-color has-link-color\" style=\"font-size:15px;margin-top:0;margin-bottom:0\"><a href=\"http:\/\/revaconacyt.org\/\">ReVAConacyt<\/a><\/p>\n\n\n\n<p class=\"wp-elements-8179e63ee3d6afb875c9444086a71df4 has-secondary-color has-text-color has-link-color\" style=\"font-size:15px;margin-top:0;margin-bottom:0\"><a href=\"https:\/\/revistascientificas.una.py\/\">Revista Cient\u00edfico-T\u00e9cnicas de la UNA<\/a><\/p>\n\n\n\n<div style=\"height:12px\" aria-hidden=\"true\" class=\"wp-block-spacer\"><\/div>\n\n\n\n<h6 class=\"wp-block-heading\">Horario de Atenci\u00f3n<\/h6>\n\n\n\n<p style=\"font-size:15px;margin-top:0;margin-bottom:0\"><strong>Lunes a Viernes<\/strong><br>7:30 a 18:00 Hrs<\/p>\n<\/div>\n\n\n\n<div class=\"wp-container-4 wp-block-column is-vertically-aligned-top\" style=\"flex-basis:80%\">\n<p><strong>La Biblioteca y Centro de Documentaci\u00f3n e Informaci\u00f3n<\/strong>&nbsp;&#8220;Prof. Dr. C. Arsenio Vasconsellos,&#8221; de la Facultad de Ciencias Veterinarias UNA, lleva el nombre en honor al fundador y primer Decano de la Facultad de Agronom\u00eda y Veterinaria. Este centro automatizado de informaci\u00f3n est\u00e1 dise\u00f1ado para facilitar la consulta, el estudio y la investigaci\u00f3n, contribuyendo as\u00ed a los objetivos acad\u00e9micos de la Facultad.<\/p>\n\n\n\n<p>El espacio de la biblioteca abarca una superficie total de 1000 m2, proporcionando un ambiente completamente climatizado con una excelente iluminaci\u00f3n y amplio espacio para los lectores. Cuenta con una valiosa colecci\u00f3n de materiales especializados en Ciencias Veterinarias y \u00e1reas afines, as\u00ed como amplias salas de lectura con conexi\u00f3n wifi.<\/p>\n\n\n\n<p>El acervo bibliogr\u00e1fico de la biblioteca incluye 11.659 libros procesados y automatizados, distribuidos en colecciones generales, de referencia, de reserva y colecciones especiales, que abarcan diversos temas como Tesis, Paraguay, OEA, IICA, OPS, FAO y libros en franc\u00e9s, alem\u00e1n e ingl\u00e9s. Tambi\u00e9n cuenta con una amplia selecci\u00f3n de revistas extranjeras y nacionales, incluyendo publicaciones peri\u00f3dicas de la UNA.<\/p>\n\n\n\n<figure class=\"wp-block-video\"><video controls src=\"https:\/\/www.vet.una.py\/wp-content\/uploads\/2025\/07\/BIBLIOTECA-FCV-UNA-PRESENTACION.mp4\"><\/video><\/figure>\n<\/div>\n<\/div>\n\n\n\n<h2 class=\"wp-elements-287c5f073aa5a31bd485345abaa12bff has-text-align-left wp-block-heading has-work-sans-font-family has-text-color has-link-color\" style=\"color:#912f53;font-size:25px;text-transform:uppercase\">Objetivos<\/h2>\n\n\n\n<div class=\"wp-container-10 wp-block-columns\">\n<div class=\"wp-container-9 wp-block-column\" style=\"flex-basis:100%\">\n<div class=\"wp-container-8 wp-block-columns\">\n<div class=\"wp-container-6 wp-block-column is-vertically-aligned-center\">\n<h2 class=\"wp-elements-6608d7f4157d95b1a2e761266c28dad2 has-text-align-center wp-block-heading has-work-sans-font-family has-text-color has-link-color\" style=\"color:#912f53;font-size:25px;text-transform:uppercase\">Misi\u00f3n<\/h2>\n\n\n\n<p class=\"has-text-align-center\">Su misi\u00f3n es informar en su totalidad sobre los temas relacionados con las Ciencias Veterinarias y materias afines, para satisfacer las necesidades de informaci\u00f3n del cuerpo docente, auxiliares, investigadores y alumnos de la Facultad, haci\u00e9ndola extensiva de ser posible a otras instituciones vinculadas al sector y con las cuales est\u00e1 relacionada.<\/p>\n<\/div>\n\n\n\n<div class=\"wp-container-7 wp-block-column is-vertically-aligned-center\">\n<h2 class=\"wp-elements-e749fc2839ca79c966c233927002ebf7 has-text-align-center wp-block-heading has-work-sans-font-family has-text-color has-link-color\" style=\"color:#912f53;font-size:25px;text-transform:uppercase\">Visi\u00f3n<\/h2>\n\n\n\n<p class=\"has-text-align-center\">Ser un referente como Biblioteca que apoye el desarrollo de la investigaci\u00f3n, la docencia y el aprendizaje, en la comunidad educativa (usuarios) impulsando la innovaci\u00f3n, el aprovechamiento de las nuevas tecnolog\u00edas de informaci\u00f3n y comunicaci\u00f3n (TICS) y otros recursos, con una clara vocaci\u00f3n de servicio p\u00fablico y orientaci\u00f3n a los usuarios.<\/p>\n<\/div>\n<\/div>\n<\/div>\n<\/div>\n\n\n\n<h2 class=\"wp-elements-27f37536cdfb1383afe60ce61b3bbec3 has-text-align-left wp-block-heading has-work-sans-font-family has-text-color has-link-color\" style=\"color:#912f53;font-size:25px;text-transform:uppercase\">Funciones<\/h2>\n\n\n\n<p class=\"has-text-align-left\">Seleccionar, adquirir, organizar, preservar y difundir los materiales bibliogr\u00e1ficos para el desarrollo de los programas acad\u00e9micos y satisfacer la demanda de informaci\u00f3n e investigaci\u00f3n de la comunidad veterinaria.<\/p>\n\n\n\n<p><\/p>\n\n\n\n<h2 class=\"wp-elements-e040d7adbcbba55080c83f4882f81e28 has-text-align-left wp-block-heading has-work-sans-font-family has-text-color has-link-color\" style=\"color:#912f53;font-size:25px;text-transform:uppercase\">Equipo de trabajo<\/h2>\n\n\n\n<ul><li>Lic. Laura Amarilla.<strong> (Jefa de la Biblioteca)<\/strong><\/li><li>Lic. Bernarda C. Ayala E.<\/li><li>Lic. Edilia Vera<\/li><li>Lic. Diana Villalba de Hucedo<\/li><li>Lic. Ferm\u00edn Hermosilla C\u00e1ceres<\/li><li>Lic. Gilda Mora<\/li><li>Abg. Julio Gonz\u00e1lez<\/li><li>Dra. Miriam Colman<\/li><li>Tec. Blanca Tulio<\/li><li>Tec. Tamara D\u00edaz<\/li><li>Tec. Liz Irala<\/li><li>Sra. Gloria Insfr\u00e1n<\/li><\/ul>\n\n\n\n<h2 class=\"has-text-color\" style=\"color:#921f53\">CONTACTO<\/h2>\n\n\n\n<h6 style=\"line-height:0\">Jefa de la Biblioteca:Lic. Laura Amarilla.<\/h6>\n\n\n\n<p style=\"font-size:15px;line-height:0\"><strong>Correo electr\u00f3nico:<\/strong>&nbsp;biblio@vet.una.py<\/p>\n\n\n\n<div style=\"height:78px\" aria-hidden=\"true\" class=\"wp-block-spacer\"><\/div>\n","protected":false},"excerpt":{"rendered":"<p>Categor\u00eda Tesis de Grado Tesis de Posgrado Libros Revistas Enlaces de inter\u00e9s CICCO Libros Online [&hellip;]<\/p>\n","protected":false},"author":4,"featured_media":1426,"parent":0,"menu_order":0,"comment_status":"closed","ping_status":"closed","template":"","meta":[],"_links":{"self":[{"href":"https:\/\/www.vet.una.py\/index.php?rest_route=\/wp\/v2\/pages\/501"}],"collection":[{"href":"https:\/\/www.vet.una.py\/index.php?rest_route=\/wp\/v2\/pages"}],"about":[{"href":"https:\/\/www.vet.una.py\/index.php?rest_route=\/wp\/v2\/types\/page"}],"author":[{"embeddable":true,"href":"https:\/\/www.vet.una.py\/index.php?rest_route=\/wp\/v2\/users\/4"}],"replies":[{"embeddable":true,"href":"https:\/\/www.vet.una.py\/index.php?rest_route=%2Fwp%2Fv2%2Fcomments&post=501"}],"version-history":[{"count":88,"href":"https:\/\/www.vet.una.py\/index.php?rest_route=\/wp\/v2\/pages\/501\/revisions"}],"predecessor-version":[{"id":6316,"href":"https:\/\/www.vet.una.py\/index.php?rest_route=\/wp\/v2\/pages\/501\/revisions\/6316"}],"wp:featuredmedia":[{"embeddable":true,"href":"https:\/\/www.vet.una.py\/index.php?rest_route=\/wp\/v2\/media\/1426"}],"wp:attachment":[{"href":"https:\/\/www.vet.una.py\/index.php?rest_route=%2Fwp%2Fv2%2Fmedia&parent=501"}],"curies":[{"name":"wp","href":"https:\/\/api.w.org\/{rel}","templated":true}]}}