{"id":359,"date":"2025-02-20T09:08:31","date_gmt":"2025-02-20T12:08:31","guid":{"rendered":"http:\/\/10.1.5.86\/?page_id=359"},"modified":"2025-07-11T11:48:51","modified_gmt":"2025-07-11T14:48:51","slug":"dpto-bromatologia-nutricion-y-alimentacion-animal","status":"publish","type":"page","link":"https:\/\/www.vet.una.py\/?page_id=359","title":{"rendered":"Departamento de Bromatolog\u00eda, Nutrici\u00f3n y Alimentaci\u00f3n Animal"},"content":{"rendered":"\n<figure class=\"wp-container-2 wp-block-gallery-1 wp-block-gallery has-nested-images columns-4 is-cropped\">\n<figure class=\"wp-block-image size-full\"><a href=\"#ancla4\"><img loading=\"lazy\" width=\"776\" height=\"279\" data-id=\"1535\"  src=\"https:\/\/www.vet.una.py\/wp-content\/uploads\/2025\/03\/docencia-2.png\" alt=\"\" class=\"wp-image-1535\"\/><\/a><\/figure>\n\n\n\n<figure class=\"wp-block-image size-full\"><a href=\"#ancla5\"><img loading=\"lazy\" width=\"776\" height=\"279\" data-id=\"1537\"  src=\"https:\/\/www.vet.una.py\/wp-content\/uploads\/2025\/03\/investigacion-1.png\" alt=\"\" class=\"wp-image-1537\"\/><\/a><\/figure>\n\n\n\n<figure class=\"wp-block-image size-full\"><a href=\"#ancla6\"><img loading=\"lazy\" width=\"776\" height=\"279\" data-id=\"1538\"  src=\"https:\/\/www.vet.una.py\/wp-content\/uploads\/2025\/03\/extension-1.png\" alt=\"\" class=\"wp-image-1538\"\/><\/a><\/figure>\n\n\n\n<figure class=\"wp-block-image size-full\"><a href=\"#ancla7\"><img loading=\"lazy\" width=\"776\" height=\"279\" data-id=\"1539\"  src=\"https:\/\/www.vet.una.py\/wp-content\/uploads\/2025\/03\/contacto-1.png\" alt=\"\" class=\"wp-image-1539\"\/><\/a><\/figure>\n<\/figure>\n\n\n\n<p><strong>El Departamento de Bromatolog\u00eda, Nutrici\u00f3n y Alimentaci\u00f3n Animal <\/strong>es una dependencia de la Facultad de Ciencias Veterinarias de la UNA, cuya infraestructura f\u00edsica se encuentra instalada en el Campus de San Lorenzo de la UNA. El Departamento cuenta con un laboratorio dotado de equipamientos para realizar an\u00e1lisis bromatol\u00f3gico b\u00e1sicos como son la determinaci\u00f3n de la Materia Seca, Humedad, Ceniza, Materia Org\u00e1nica, Prote\u00edna Bruta, Nitr\u00f3geno, Carbono, Fibra Detergente Neutro, Fibra Detergente \u00c1cido, Fibra Bruta, Extracto Et\u00e9reo, Energ\u00eda Bruta (por calculo), Nutrientes Digestibles Totales (por c\u00e1lculo), Lignina, pH, Digestibilidad In Vitro en alimentos destinados a los animales. Asimismo, dispone de un equipo humano dedicado a la investigaci\u00f3n, docencia, extensi\u00f3n y prestaci\u00f3n de servicios (estos \u00faltimos arancelados), lo cual permite cubrir los costos de mantenimiento de los equipos y la adquisici\u00f3n de reactivos para los an\u00e1lisis laboratoriales.<\/p>\n\n\n\n<figure class=\"wp-container-4 wp-block-gallery-3 wp-block-gallery has-nested-images columns-4 is-cropped\">\n<figure class=\"wp-block-image size-large\"><img loading=\"lazy\" width=\"1268\" height=\"1600\" data-id=\"6451\"  src=\"https:\/\/www.vet.una.py\/wp-content\/uploads\/2025\/07\/4-8.png\" alt=\"\" class=\"wp-image-6451\" srcset=\"https:\/\/www.vet.una.py\/wp-content\/uploads\/2025\/07\/4-8.png 1268w, https:\/\/www.vet.una.py\/wp-content\/uploads\/2025\/07\/4-8-238x300.png 238w, https:\/\/www.vet.una.py\/wp-content\/uploads\/2025\/07\/4-8-812x1024.png 812w, https:\/\/www.vet.una.py\/wp-content\/uploads\/2025\/07\/4-8-768x969.png 768w, https:\/\/www.vet.una.py\/wp-content\/uploads\/2025\/07\/4-8-1217x1536.png 1217w\" sizes=\"(max-width: 1268px) 100vw, 1268px\" \/><\/figure>\n\n\n\n<figure class=\"wp-block-image size-large\"><img loading=\"lazy\" width=\"1268\" height=\"1600\" data-id=\"6452\"  src=\"https:\/\/www.vet.una.py\/wp-content\/uploads\/2025\/07\/6-3.png\" alt=\"\" class=\"wp-image-6452\" srcset=\"https:\/\/www.vet.una.py\/wp-content\/uploads\/2025\/07\/6-3.png 1268w, https:\/\/www.vet.una.py\/wp-content\/uploads\/2025\/07\/6-3-238x300.png 238w, https:\/\/www.vet.una.py\/wp-content\/uploads\/2025\/07\/6-3-812x1024.png 812w, https:\/\/www.vet.una.py\/wp-content\/uploads\/2025\/07\/6-3-768x969.png 768w, https:\/\/www.vet.una.py\/wp-content\/uploads\/2025\/07\/6-3-1217x1536.png 1217w\" sizes=\"(max-width: 1268px) 100vw, 1268px\" \/><\/figure>\n\n\n\n<figure class=\"wp-block-image size-large\"><img loading=\"lazy\" width=\"1268\" height=\"1600\" data-id=\"6453\"  src=\"https:\/\/www.vet.una.py\/wp-content\/uploads\/2025\/07\/7-2.png\" alt=\"\" class=\"wp-image-6453\" srcset=\"https:\/\/www.vet.una.py\/wp-content\/uploads\/2025\/07\/7-2.png 1268w, https:\/\/www.vet.una.py\/wp-content\/uploads\/2025\/07\/7-2-238x300.png 238w, https:\/\/www.vet.una.py\/wp-content\/uploads\/2025\/07\/7-2-812x1024.png 812w, https:\/\/www.vet.una.py\/wp-content\/uploads\/2025\/07\/7-2-768x969.png 768w, https:\/\/www.vet.una.py\/wp-content\/uploads\/2025\/07\/7-2-1217x1536.png 1217w\" sizes=\"(max-width: 1268px) 100vw, 1268px\" \/><\/figure>\n\n\n\n<figure class=\"wp-block-image size-large\"><img loading=\"lazy\" width=\"1268\" height=\"1600\" data-id=\"6454\"  src=\"https:\/\/www.vet.una.py\/wp-content\/uploads\/2025\/07\/5-5.png\" alt=\"\" class=\"wp-image-6454\" srcset=\"https:\/\/www.vet.una.py\/wp-content\/uploads\/2025\/07\/5-5.png 1268w, https:\/\/www.vet.una.py\/wp-content\/uploads\/2025\/07\/5-5-238x300.png 238w, https:\/\/www.vet.una.py\/wp-content\/uploads\/2025\/07\/5-5-812x1024.png 812w, https:\/\/www.vet.una.py\/wp-content\/uploads\/2025\/07\/5-5-768x969.png 768w, https:\/\/www.vet.una.py\/wp-content\/uploads\/2025\/07\/5-5-1217x1536.png 1217w\" sizes=\"(max-width: 1268px) 100vw, 1268px\" \/><\/figure>\n<\/figure>\n\n\n\n<p>Todos los investigadores cuentan con formaci\u00f3n acad\u00e9mica a nivel de Maestr\u00eda y\/o Doctorado, que adem\u00e1s de realizar investigaciones son Docentes en su mayor\u00eda de la asignatura Bromatolog\u00eda, Nutrici\u00f3n y Alimentaci\u00f3n Animal, materia pre-profesional del cuarto curso de la malla curricular de la carrera de Medicina Veterinaria de la FCV-UNA, tambi\u00e9n son docentes de otras asignaturas ya sea de asignaturas b\u00e1sicas como de las profesionales, en las \u00e1reas de Producci\u00f3n Animal y Medicina Veterinaria de la carrera mencionada precedentemente.<\/p>\n\n\n\n<p>Adem\u00e1s de participar en proyectos de investigaci\u00f3n espec\u00edficos financiados por organismos externos a la instituci\u00f3n, los investigadores del Departamento se desempe\u00f1an como tutores de tesis de grado y posgrado. Al mismo tiempo, forman parte del plantel docente de las tres ediciones de la Maestr\u00eda en Nutrici\u00f3n y Alimentaci\u00f3n Animal, organizada por la Direcci\u00f3n de Postgrado de la FCV-UNA.<\/p>\n\n\n\n<p>En el marco de la extensi\u00f3n universitaria, el Departamento organiza cursos y jornadas de capacitaci\u00f3n dirigidos a productores y profesionales del sector agropecuario, as\u00ed como asesoramiento t\u00e9cnico en nutrici\u00f3n y alimentaci\u00f3n animal para prestadores de servicios de an\u00e1lisis laboratoriales. Adem\u00e1s, cuenta con especialistas en distintas \u00e1reas de la producci\u00f3n animal.<\/p>\n\n\n\n<p>El Departamento ha publicado una Tabla de Composici\u00f3n de los Alimentos del Paraguay, elaborada con el apoyo de la Cooperaci\u00f3n T\u00e9cnica del Gobierno de Jap\u00f3n (JICA, 1995), y actualmente se encuentra actualizando y recopilando datos para una nueva edici\u00f3n. Asimismo, posee producci\u00f3n cient\u00edfica a trav\u00e9s de art\u00edculos publicados en revistas cient\u00edficas indexadas, tanto nacionales como internacionales.<\/p>\n\n\n\n<figure class=\"wp-block-image aligncenter size-full\"><img loading=\"lazy\" width=\"622\" height=\"350\" src=\"https:\/\/www.vet.una.py\/wp-content\/uploads\/2025\/03\/5062470972929585214.jpg\" alt=\"\" class=\"wp-image-853\"\/><\/figure>\n\n\n\n<h3 class=\"wp-block-heading has-text-align-left\" style=\"margin-top:var(--wp--preset--spacing--50);margin-bottom:var(--wp--preset--spacing--50);font-size:18px\">NOMINA DE FUNCIONARIOS DEL DEPARTAMENTO<\/h3>\n\n\n\n<figure class=\"wp-block-table\"><table><tbody><tr><td>Prof. Dra. Celia Legal de Gonz\u00e1lez, MSc. (JEFE DE DEPARTAMENTO)<\/td><\/tr><tr><td>Prof. Dr. Francisco Cubas Denis, MSc.<\/td><\/tr><tr><td>Prof. Dr. Hugo Gonz\u00e1lez,&nbsp; MSc.<\/td><\/tr><tr><td>Prof. Dra. Maria Paz Corrales, Dsc,<\/td><\/tr><tr><td>Dra. Patricia Criscioni, PhD.<\/td><\/tr><tr><td>Dra. Lidia Gauna, Esp.<\/td><\/tr><tr><td>Dra. Susana D\u2019Ecclesiis &nbsp;Mg.<\/td><\/tr><tr><td>Dr. Francisco Ramirez, Esp.<\/td><\/tr><tr><td>Lic Cinthya Garay, Esp.<\/td><\/tr><tr><td>Lidia Mongelos, Lic.<\/td><\/tr><tr><td>Isabel Ruiz&nbsp;<\/td><\/tr><tr><td>Diego Venialgo<\/td><\/tr><tr><td>Luis Gonz\u00e1lez<\/td><\/tr><\/tbody><\/table><\/figure>\n\n\n\n<figure class=\"wp-block-embed aligncenter is-type-rich is-provider-gestor-del-servicio wp-block-embed-gestor-del-servicio wp-embed-aspect-16-9 wp-has-aspect-ratio\"><div class=\"wp-block-embed__wrapper\">\n<iframe loading=\"lazy\" title=\"Departamento de Bromatolog\u00eda, Nutrici\u00f3n y Alimentaci\u00f3n Animal FCV UNA\" width=\"500\" height=\"281\" src=\"https:\/\/www.youtube.com\/embed\/PwN46vmobDI?feature=oembed\" frameborder=\"0\" allow=\"accelerometer; autoplay; clipboard-write; encrypted-media; gyroscope; picture-in-picture; web-share\" referrerpolicy=\"strict-origin-when-cross-origin\" allowfullscreen><\/iframe>\n<\/div><\/figure>\n\n\n\n<hr class=\"wp-block-separator has-alpha-channel-opacity\"\/>\n\n\n\n<h1 class=\"wp-elements-6cfe3c6b6ad92ab629a405ae7dff2d3a has-text-align-left wp-block-heading has-text-color has-link-color\" id=\"ancla4\" style=\"color:#921f53;font-size:25px\">DOCENCIA<\/h1>\n\n\n\n<h6 class=\"wp-block-heading\" style=\"font-size:18px\">En la Asignatura de Bromatolog\u00eda, Nutrici\u00f3n y Alimentaci\u00f3n Animal, el Departamento cuenta con dos Profesores de Categor\u00eda Titular, y un Adjunto, junto con otros cuatro que son de categor\u00eda especial o Auxiliares de la ense\u00f1anza.<\/h6>\n\n\n\n<p>La mencionada asignatura tiene un componente te\u00f3rico desarrollado en aulas, y estructurado acad\u00e9micamente en la plataforma Moodle. Tambi\u00e9n se compone de una parte te\u00f3rico-pr\u00e1ctica y pr\u00e1ctica que se desarrolla en el laboratorio del Departamento, en el Departamento de F\u00e1brica de Balanceados y en forma de seminarios en aula. Las evaluaciones son realizadas en forma de ex\u00e1menes parciales y finales por medio de test de evaluaci\u00f3n preparados con los criterios modernos de la Did\u00e1ctica Universitaria y los trabajos pr\u00e1cticos son evaluados mediante exposiciones demostrativas y presentaciones de informes siguiendo una gu\u00eda elaborada en la C\u00e1tedra.<\/p>\n\n\n\n<h4 class=\"wp-block-heading\" style=\"font-size:18px\">El equipo docente de la Asignatura Bromatolog\u00eda, Nutrici\u00f3n y Alimentaci\u00f3n Animal est\u00e1 conformado de la siguiente manera:<\/h4>\n\n\n\n<figure class=\"wp-block-table\"><table><tbody><tr><td><a><strong>Profesores Escalafonados Titulares<\/strong><\/a><\/td><td><strong>Auxiliares de Ense\u00f1anzas<\/strong><\/td><\/tr><tr><td>Prof. Dra. Celia Legal de Gonz\u00e1lez, MSc. <strong>(Jefe de C\u00e1tedra)<\/strong><\/td><td>Dra. Patricia Criscioni, PhD.<\/td><\/tr><tr><td>Prof. Dr. Francisco Cubas Denis, MSc.<\/td><td>Dra. Lidia Gauna, Esp.<\/td><\/tr><tr><td>Prof. Dr. Hugo Idoyaga<\/td><td>Dr. David Ferreira, Mg.<\/td><\/tr><tr><td>&nbsp;<\/td><td>Lic. Gilda Mora, Esp.<\/td><\/tr><\/tbody><\/table><\/figure>\n\n\n\n<h4 class=\"wp-block-heading\" style=\"font-size:18px\">El equipo de Docente del Departamento, igualmente son Profesores o Auxiliares de Ense\u00f1anzas en otras asignaturas de la Carrera de Medicina Veterinaria de la UNA como:<\/h4>\n\n\n\n<ol class=\"wp-block-list\"><li>Bioqu\u00edmica.<\/li><li>Zootecnia.<\/li><li>Producci\u00f3n Bovina de Leche.<\/li><li>Producci\u00f3n Bovina de Carne.<\/li><li>Industria e Inspecci\u00f3n de Leche y Derivados.<\/li><li>Industria e Inspecci\u00f3n de Carne y Derivados.<\/li><li>Administraci\u00f3n Pecuaria.<\/li><li>) Econom\u00eda Rural.<\/li><li>Producci\u00f3n Ovina y Caprina.<\/li><li>Producci\u00f3n Porcina.<\/li><li>Patolog\u00eda Porcina.<\/li><\/ol>\n\n\n\n<h4 class=\"wp-block-heading\" style=\"font-size:18px\">Equipo docente vinculado al Departamento Bromatolog\u00eda, Nutrici\u00f3n y Alimentaci\u00f3n Animal est\u00e1 conformado de la siguiente manera:<\/h4>\n\n\n\n<figure class=\"wp-block-table\"><table><tbody><tr><td><strong>Asignatura<\/strong><\/td><td><strong>Profesores<\/strong><\/td><td><strong>Categor\u00eda<\/strong><\/td><\/tr><tr><td>Bioqu\u00edmica<\/td><td>Prof. Dr. Francisco Cubas Denis, MSc. <strong>Jefe de C\u00e1tedra<\/strong><\/td><td>Profesor Titular<\/td><\/tr><tr><td>Prof, Dr. Hugo Idoyaga, PhD<\/td><td>Profesor Asistente<\/td><td>Profesor Titular<\/td><\/tr><tr><td>Zootecnia<\/td><td>Prof. Hugo Gonz\u00e1lez Morel, MSc<\/td><td>Profesor Titular<\/td><\/tr><tr><td>Producci\u00f3n Bovina de Leche<\/td><td>Prof. Hugo Gonz\u00e1lez Morel, MSc<\/td><td>Profesor Titular<\/td><\/tr><tr><td>Administraci\u00f3n Pecuaria<\/td><td>Prof. Dra. Mar\u00eda Paz Corrales, Dsc<\/td><td>Profesor Asistente<\/td><\/tr><tr><td>Econom\u00eda de la Producci\u00f3n Pecuaria.<\/td><td>Prof. Dra. Mar\u00eda Paz Corrales Dsc.<\/td><td>Encargado de C\u00e1tedra<\/td><\/tr><tr><td>Industria e Inspecci\u00f3n de Leche y Derivados<\/td><td>Prof. Dra. Celia Legal de Gonz\u00e1lez, MSc, Encargado de C\u00e1tedra<\/td><td>Auxiliar de Ense\u00f1anza<\/td><\/tr><tr><td>Industria e Inspecci\u00f3n de Carne y Derivados<\/td><td>Dr. Francisco Ram\u00edrez, Exp.<\/td><td>Auxiliar de Ense\u00f1anza<\/td><\/tr><tr><td>Producci\u00f3n Bovina de Carne<\/td><td>Dr. Francisco Ram\u00edrez, Esp.<\/td><td>Auxiliar de Ense\u00f1anza<\/td><\/tr><tr><td>Producci\u00f3n Ovina y Caprina<\/td><td>Dra. Patricia Criscioni, PhD<\/td><td>Auxiliar de Ense\u00f1anza<\/td><\/tr><tr><td>Dra. Lidia Gauna, Esp.<\/td><td>Auxiliar de Ense\u00f1anza<\/td><td>Auxiliar de Ense\u00f1anza<\/td><\/tr><tr><td>Producci\u00f3n Porcina<\/td><td>Prof. Dra. Susana D\u2019Ecclesiis<\/td><td>Auxiliar de Ense\u00f1anza<\/td><\/tr><tr><td>Patolog\u00eda Porcina<\/td><td>Prof. Dra. Susana D\u2019Ecclesiis<\/td><td>Profesor Adjunto<\/td><\/tr><\/tbody><\/table><\/figure>\n\n\n\n<hr class=\"wp-block-separator has-alpha-channel-opacity\"\/>\n\n\n\n<h1 class=\"wp-elements-4190b220e704a1aa24107c38f1a27f56 has-text-align-left wp-block-heading has-text-color has-link-color\" id=\"ancla5\" style=\"color:#921f53;font-size:25px\">INVESTIGACI\u00d3N<\/h1>\n\n\n\n<p>El Departamento cuenta con un equipo de investigadores que desarrolla tanto investigaci\u00f3n cient\u00edfica b\u00e1sica como, principalmente, aplicada. Participan como miembros de equipos interdisciplinarios en proyectos financiados por el Programa Prociencia del CONACYT. Adem\u00e1s, lograron la financiaci\u00f3n de equipamientos de laboratorio por medio del Proyecto LABO18-59 y del proyecto PINV01-1145, con una inversi\u00f3n superior a 1.100 millones de guaran\u00edes. Los Investigadores desarrollan regularmente proyectos de investigaci\u00f3n Departamental o Interdepartamental que son realizados con acompa\u00f1amiento de estudiantes que se inician en investigaci\u00f3n y que los aprovechan para elaborar sus tesis de grado y en otros casos tesis de postgrados (nivel de Maestr\u00eda).<\/p>\n\n\n\n<ul class=\"has-text-color\" style=\"color:#a61243\"><li><a href=\"https:\/\/www.vet.una.py\/wp-content\/uploads\/2025\/07\/Trabajos-de-de-Investigacion-realizados-2.0.pdf\" data-type=\"URL\" data-id=\"https:\/\/www.vet.una.py\/wp-content\/uploads\/2025\/07\/Trabajos-de-de-Investigacion-realizados-2.0.pdf\"><strong>Haga clic aqu\u00ed para ver los trabajos de investigaci\u00f3n.<\/strong><\/a><\/li><\/ul>\n\n\n\n<h4 class=\"wp-block-heading\" style=\"font-size:18px\">Las \u00e1reas, sub\u00e1reas y l\u00edneas de Investigaci\u00f3n que se encuentran vigente en el Departamento est\u00e1n estructuradas de la siguiente manera:<\/h4>\n\n\n\n<figure class=\"wp-block-image aligncenter\"><img loading=\"lazy\" width=\"768\" height=\"442\" src=\"https:\/\/www.vet.una.py\/wp-content\/uploads\/2025\/03\/5062470972929585216.jpg\" alt=\"\" class=\"wp-image-872\"\/><\/figure>\n\n\n\n<h4 class=\"wp-block-heading\" style=\"font-size:18px\">Los Docentes Investigadores del Departamento y sus cargos est\u00e1n conformados de la siguiente manera:<\/h4>\n\n\n\n<figure class=\"wp-block-table\"><table><tbody><tr><td><strong>Nombre y Apellido<\/strong><\/td><td><strong>Cargo<\/strong><\/td><\/tr><tr><td>Prof. Dra. Celia Legal de Gonz\u00e1lez<\/td><td>Docente Investigador<\/td><\/tr><tr><td>Prof. Dr. Hugo Gonz\u00e1lez Morel<\/td><td>Docente Investigador<\/td><\/tr><tr><td>Prof. Dr. Francisco Cubas Denis<\/td><td>Docente Investigador<\/td><\/tr><tr><td>Prof. Dra. Mar\u00eda Paz Corrales<\/td><td>Docente Investigador<\/td><\/tr><tr><td>Dra. Patricia Criscioni<\/td><td>Docente Investigador con Dedicaci\u00f3n Completa<\/td><\/tr><\/tbody><\/table><\/figure>\n\n\n\n<h4>Dos de los Cincos Docentes Investigadores se encuentran categorizados en el Programa Nacional de Incentivo a Investigadores (PRONII) del Conacyt, tal como se presenta en el siguiente cuadro:<\/h4>\n\n\n\n<figure class=\"wp-block-table\"><table><tbody><tr><td><strong>Nombre y Apellido<\/strong><\/td><td><strong>Categor\u00eda<\/strong><\/td><\/tr><tr><td>Dra. Patricia Criscioni<\/td><td>Nivel 1<\/td><\/tr><\/tbody><\/table><\/figure>\n\n\n\n<figure class=\"wp-container-6 wp-block-gallery-5 wp-block-gallery has-nested-images columns-4 is-cropped\">\n<figure class=\"wp-block-image size-large has-custom-border is-style-default\" style=\"border-radius:0px;border-style:none;border-width:0px\"><img loading=\"lazy\" width=\"640\" height=\"480\" data-id=\"873\"  src=\"https:\/\/www.vet.una.py\/wp-content\/uploads\/2025\/03\/5062470972929585220.jpg\" alt=\"\" class=\"wp-image-873\"\/><\/figure>\n\n\n\n<figure class=\"wp-block-image size-large\"><img loading=\"lazy\" width=\"768\" height=\"738\" data-id=\"875\"  src=\"https:\/\/www.vet.una.py\/wp-content\/uploads\/2025\/03\/5062470972929585221.jpg\" alt=\"\" class=\"wp-image-875\"\/><\/figure>\n\n\n\n<figure class=\"wp-block-image size-large\"><img loading=\"lazy\" width=\"768\" height=\"576\" data-id=\"876\"  src=\"https:\/\/www.vet.una.py\/wp-content\/uploads\/2025\/03\/5062470972929585222.jpg\" alt=\"\" class=\"wp-image-876\"\/><\/figure>\n\n\n\n<figure class=\"wp-block-image size-large\"><img loading=\"lazy\" width=\"640\" height=\"480\" data-id=\"877\"  src=\"https:\/\/www.vet.una.py\/wp-content\/uploads\/2025\/03\/5062470972929585223.jpg\" alt=\"\" class=\"wp-image-877\"\/><\/figure>\n<\/figure>\n\n\n\n<hr class=\"wp-block-separator has-alpha-channel-opacity\"\/>\n\n\n\n<h1 class=\"wp-elements-d45e250e05e04fb35c5dda9a666c5c1e has-text-align-left wp-block-heading has-text-color has-link-color\" id=\"ancla6\" style=\"color:#921f53;font-size:25px\">EXTENSI\u00d3N<\/h1>\n\n\n\n<h3 class=\"has-text-align-left wp-block-heading\" style=\"font-size:20px\">FORMACI\u00d3N CONTINUA DE EGRESADOS:<\/h3>\n\n\n\n<p>Uno de los aportes m\u00e1s importantes del Departamento es el dise\u00f1o del programa acad\u00e9mico y la participaci\u00f3n mayoritaria de sus docentes en las tres ediciones de la Maestr\u00eda en Nutrici\u00f3n y Alimentaci\u00f3n Animal, cuya \u00faltima edici\u00f3n se encuentra actualmente en desarrollo. Esta maestr\u00eda fue organizada por el entonces Departamento de Postgrado, hoy Direcci\u00f3n de Postgrado de la FCV-UNA. La mayor\u00eda de las tesis de este programa fueron orientadas por profesores del Departamento, y como resultado de este compromiso con la formaci\u00f3n continua, actualmente el equipo de investigaci\u00f3n cuenta con dos egresadas de dicha maestr\u00eda.<\/p>\n\n\n\n<p>Por otra parte, se organizan regularmente todos los a\u00f1os charlas t\u00e9cnicas sobre temas del \u00e1rea de incumbencia dirigidos a profesionales y estudiantes del \u00e1rea pecuaria, con muy buena respuesta en cuanto a cantidad de participantes.<\/p>\n\n\n\n<figure class=\"wp-block-image\"><img loading=\"lazy\" width=\"1024\" height=\"682\" src=\"https:\/\/www.vet.una.py\/wp-content\/uploads\/2025\/03\/WhatsApp-Image-2025-03-06-at-09.26.36.jpeg\" alt=\"\" class=\"wp-image-881\"\/><\/figure>\n\n\n\n<h3 class=\"wp-block-heading\" style=\"font-size:20px\">PRESTACI\u00d3N DE SERVICIOS<\/h3>\n\n\n\n<p>El Departamento cuenta con la infraestructura, equipos, profesionales y t\u00e9cnicos que realizan rutinariamente an\u00e1lisis bromatol\u00f3gicos de alimentos destinados a los animales, y los usuarios de estos servicios son industrias, fabricantes de alimentos para animales, productores agropecuarios, investigadores y estudiantes de grado y postgrado que recurren al laboratorio para hacer an\u00e1lisis de distintos tipos de muestras de alimentos para animales en el marco de sus tesis o investigaciones respectivas. Tambi\u00e9n se realiza asesoramientos puntuales sobre interpretaci\u00f3n de los resultados de an\u00e1lisis bromatol\u00f3gicos, as\u00ed como asesoramientos t\u00e9cnicos, principalmente a los peque\u00f1os productores que recurren al Departamento solicitando dicha asistencia.<\/p>\n\n\n\n<p>Las determinaciones bromatol\u00f3gicas que se realizan rutinariamente son: Humedad, Materia Seca, Materia Org\u00e1nica, Cenizas, Prote\u00edna Bruta, Fibra Bruta, Fibra \u00c1cido Detergente, Fibra Neutro Detergente, Lignina, Extracto Et\u00e9reo, Energ\u00eda Bruta, Nutrientes Digestibles Totales (NDT), pH y Acidez en Aceite, as\u00ed como los ensayos de Digestibilidad \u201cIn Vitro\u201d.<\/p>\n\n\n\n<figure class=\"wp-block-image aligncenter\"><img loading=\"lazy\" width=\"1303\" height=\"1600\" src=\"https:\/\/www.vet.una.py\/wp-content\/uploads\/2025\/03\/WhatsApp-Image-2025-03-06-at-09.34.27.jpeg\" alt=\"\" class=\"wp-image-883\"\/><\/figure>\n\n\n\n<p>*Precios establecidos seg\u00fan resoluciones: Resoluci\u00f3n N\u00ba 055\/2023 de fecha 23 de febrero de 2023 y Resoluci\u00f3n N\u00ba 176\/2023 de fecha 13 de abril de 2023.<\/p>\n\n\n\n<figure class=\"wp-block-image aligncenter\"><img loading=\"lazy\" width=\"1223\" height=\"1600\" src=\"https:\/\/www.vet.una.py\/wp-content\/uploads\/2025\/03\/WhatsApp-Image-2025-03-06-at-09.35.48.jpeg\" alt=\"\" class=\"wp-image-884\"\/><\/figure>\n\n\n\n<p>*Precios establecidos seg\u00fan resoluciones: Resoluci\u00f3n N\u00ba 055\/2023 de fecha 23 de febrero de 2023 y Resoluci\u00f3n N\u00ba 176\/2023 de fecha 13 de abril de 2023.<\/p>\n\n\n\n<figure class=\"wp-block-image aligncenter size-large\"><img loading=\"lazy\" width=\"1024\" height=\"724\" src=\"https:\/\/www.vet.una.py\/wp-content\/uploads\/2025\/06\/envio-de-muestras-1024x724.jpg\" alt=\"\" class=\"wp-image-4365\" srcset=\"https:\/\/www.vet.una.py\/wp-content\/uploads\/2025\/06\/envio-de-muestras-1024x724.jpg 1024w, https:\/\/www.vet.una.py\/wp-content\/uploads\/2025\/06\/envio-de-muestras-300x212.jpg 300w, https:\/\/www.vet.una.py\/wp-content\/uploads\/2025\/06\/envio-de-muestras-768x543.jpg 768w, https:\/\/www.vet.una.py\/wp-content\/uploads\/2025\/06\/envio-de-muestras-1536x1086.jpg 1536w, https:\/\/www.vet.una.py\/wp-content\/uploads\/2025\/06\/envio-de-muestras-2048x1448.jpg 2048w\" sizes=\"(max-width: 1024px) 100vw, 1024px\" \/><\/figure>\n\n\n\n<figure class=\"wp-block-image aligncenter\"><img loading=\"lazy\" width=\"1024\" height=\"768\" src=\"https:\/\/www.vet.una.py\/wp-content\/uploads\/2025\/03\/WhatsApp-Image-2025-03-06-at-09.38.04.jpeg\" alt=\"\" class=\"wp-image-886\"\/><\/figure>\n\n\n\n<figure class=\"wp-block-image aligncenter\"><img loading=\"lazy\" width=\"1024\" height=\"768\" src=\"https:\/\/www.vet.una.py\/wp-content\/uploads\/2025\/03\/WhatsApp-Image-2025-03-06-at-09.38.26.jpeg\" alt=\"\" class=\"wp-image-887\"\/><\/figure>\n\n\n\n<h1 class=\"wp-elements-e20cbd6db64a47cec5f3fe0551a91e21 has-text-align-left wp-block-heading has-text-color has-link-color\" id=\"ancla7\" style=\"color:#921f53;font-size:25px\">CONTACTO<\/h1>\n\n\n\n<h3 class=\"wp-block-heading has-work-sans-font-family\" style=\"font-size:15px\">Jefa del Departamento: Dra. Celia Legal de Gonz\u00e1lez, MSc.<\/h3>\n\n\n\n<p style=\"font-size:15px;margin-top:0;margin-bottom:0\"><strong>Correo electr\u00f3nico:<\/strong> clegal@vet.una.py<\/p>\n\n\n\n<p style=\"font-size:15px;margin-top:0;margin-bottom:0\"><strong>Correo electr\u00f3nico:<\/strong> nutricionanimal@vet.una.py<\/p>\n\n\n\n<div style=\"height:36px\" aria-hidden=\"true\" class=\"wp-block-spacer\"><\/div>\n","protected":false},"excerpt":{"rendered":"<p>El Departamento de Bromatolog\u00eda, Nutrici\u00f3n y Alimentaci\u00f3n Animal es una dependencia de la Facultad de [&hellip;]<\/p>\n","protected":false},"author":4,"featured_media":1401,"parent":0,"menu_order":0,"comment_status":"closed","ping_status":"closed","template":"","meta":[],"_links":{"self":[{"href":"https:\/\/www.vet.una.py\/index.php?rest_route=\/wp\/v2\/pages\/359"}],"collection":[{"href":"https:\/\/www.vet.una.py\/index.php?rest_route=\/wp\/v2\/pages"}],"about":[{"href":"https:\/\/www.vet.una.py\/index.php?rest_route=\/wp\/v2\/types\/page"}],"author":[{"embeddable":true,"href":"https:\/\/www.vet.una.py\/index.php?rest_route=\/wp\/v2\/users\/4"}],"replies":[{"embeddable":true,"href":"https:\/\/www.vet.una.py\/index.php?rest_route=%2Fwp%2Fv2%2Fcomments&post=359"}],"version-history":[{"count":44,"href":"https:\/\/www.vet.una.py\/index.php?rest_route=\/wp\/v2\/pages\/359\/revisions"}],"predecessor-version":[{"id":9495,"href":"https:\/\/www.vet.una.py\/index.php?rest_route=\/wp\/v2\/pages\/359\/revisions\/9495"}],"wp:featuredmedia":[{"embeddable":true,"href":"https:\/\/www.vet.una.py\/index.php?rest_route=\/wp\/v2\/media\/1401"}],"wp:attachment":[{"href":"https:\/\/www.vet.una.py\/index.php?rest_route=%2Fwp%2Fv2%2Fmedia&parent=359"}],"curies":[{"name":"wp","href":"https:\/\/api.w.org\/{rel}","templated":true}]}}