{"id":2998,"date":"2025-04-22T12:26:01","date_gmt":"2025-04-22T15:26:01","guid":{"rendered":"http:\/\/10.1.5.86\/?page_id=2998"},"modified":"2025-06-24T09:10:24","modified_gmt":"2025-06-24T12:10:24","slug":"servicios-del-departamento-bromatologia-nutricion-y-alimentacion-animal","status":"publish","type":"page","link":"https:\/\/www.vet.una.py\/?page_id=2998","title":{"rendered":"Servicios del Departamento Bromatolog\u00eda, Nutrici\u00f3n y Alimentaci\u00f3n Animal"},"content":{"rendered":"\n<div style=\"height:30px\" aria-hidden=\"true\" class=\"wp-block-spacer\"><\/div>\n\n\n\n<figure class=\"wp-container-2 wp-block-gallery-1 wp-block-gallery has-nested-images columns-default is-cropped\">\n<figure class=\"wp-block-image size-large\"><img loading=\"lazy\" width=\"2000\" height=\"1414\" data-id=\"3002\"  src=\"https:\/\/www.vet.una.py\/wp-content\/uploads\/2025\/04\/1-3.png\" alt=\"\" class=\"wp-image-3002\"\/><\/figure>\n<\/figure>\n\n\n\n<figure class=\"wp-block-image size-full\"><img loading=\"lazy\" width=\"2000\" height=\"1414\" src=\"https:\/\/www.vet.una.py\/wp-content\/uploads\/2025\/04\/2-4.png\" alt=\"\" class=\"wp-image-3003\"\/><\/figure>\n\n\n\n<figure class=\"wp-block-image size-full\"><img loading=\"lazy\" width=\"2000\" height=\"1414\" src=\"https:\/\/www.vet.una.py\/wp-content\/uploads\/2025\/04\/3-2.png\" alt=\"\" class=\"wp-image-3000\"\/><\/figure>\n\n\n\n<figure class=\"wp-block-image size-full\"><img loading=\"lazy\" width=\"2000\" height=\"1414\" src=\"https:\/\/www.vet.una.py\/wp-content\/uploads\/2025\/04\/4-4.png\" alt=\"\" class=\"wp-image-3001\"\/><\/figure>\n\n\n\n<div style=\"height:25px\" aria-hidden=\"true\" class=\"wp-block-spacer\"><\/div>\n","protected":false},"excerpt":{"rendered":"","protected":false},"author":2,"featured_media":3054,"parent":0,"menu_order":0,"comment_status":"closed","ping_status":"closed","template":"","meta":[],"_links":{"self":[{"href":"https:\/\/www.vet.una.py\/index.php?rest_route=\/wp\/v2\/pages\/2998"}],"collection":[{"href":"https:\/\/www.vet.una.py\/index.php?rest_route=\/wp\/v2\/pages"}],"about":[{"href":"https:\/\/www.vet.una.py\/index.php?rest_route=\/wp\/v2\/types\/page"}],"author":[{"embeddable":true,"href":"https:\/\/www.vet.una.py\/index.php?rest_route=\/wp\/v2\/users\/2"}],"replies":[{"embeddable":true,"href":"https:\/\/www.vet.una.py\/index.php?rest_route=%2Fwp%2Fv2%2Fcomments&post=2998"}],"version-history":[{"count":4,"href":"https:\/\/www.vet.una.py\/index.php?rest_route=\/wp\/v2\/pages\/2998\/revisions"}],"predecessor-version":[{"id":4813,"href":"https:\/\/www.vet.una.py\/index.php?rest_route=\/wp\/v2\/pages\/2998\/revisions\/4813"}],"wp:featuredmedia":[{"embeddable":true,"href":"https:\/\/www.vet.una.py\/index.php?rest_route=\/wp\/v2\/media\/3054"}],"wp:attachment":[{"href":"https:\/\/www.vet.una.py\/index.php?rest_route=%2Fwp%2Fv2%2Fmedia&parent=2998"}],"curies":[{"name":"wp","href":"https:\/\/api.w.org\/{rel}","templated":true}]}}