{"id":2456,"date":"2025-04-14T08:59:54","date_gmt":"2025-04-14T11:59:54","guid":{"rendered":"http:\/\/10.1.5.86\/?page_id=2456"},"modified":"2025-09-23T09:17:55","modified_gmt":"2025-09-23T12:17:55","slug":"proyectos","status":"publish","type":"page","link":"https:\/\/www.vet.una.py\/?page_id=2456","title":{"rendered":"Proyectos"},"content":{"rendered":"\n<div class=\"wp-container-5 wp-block-columns alignfull are-vertically-aligned-top\" style=\"padding-top:0px;padding-right:0px;padding-bottom:0px;padding-left:0px\">\n<div class=\"wp-container-3 wp-block-column is-vertically-aligned-top\" style=\"flex-basis:15%\">\n<hr class=\"wp-block-separator has-alpha-channel-opacity is-style-wide\" style=\"margin-top:0;margin-bottom:0\"\/>\n\n\n\n<div class=\"wp-container-2 wp-block-group alignwide gutenify-section-30dc5800-0447-11ee-9f77-078cf27c462b\" style=\"padding-bottom:0px\">\n<div class=\"wp-container-1 is-vertical wp-block-group gutenify-section-30dc09e0-0447-11ee-9f77-078cf27c462b\" style=\"padding-top:0px;padding-right:0px;padding-bottom:0px;padding-left:0px\">\n<h2 class=\"wp-block-heading has-text-color has-link-color\" style=\"border-style:none;border-width:0px;color:#921f53;margin-top:var(--wp--preset--spacing--30);margin-right:0;margin-bottom:var(--wp--preset--spacing--30);margin-left:0;font-size:15px\"><a href=\"https:\/\/www.vet.una.py\/?page_id=2450\">Quienes somos<\/a><\/h2>\n\n\n\n<h2 class=\"wp-block-heading has-text-color has-link-color\" style=\"color:#921f53;margin-top:var(--wp--preset--spacing--30);margin-bottom:var(--wp--preset--spacing--30);font-size:15px\"><a href=\"https:\/\/www.vet.una.py\/?page_id=2452\">L\u00edneas de Investigaci\u00f3n<\/a><\/h2>\n\n\n\n<h2 class=\"wp-block-heading has-text-color has-link-color\" style=\"color:#921f53;margin-top:var(--wp--preset--spacing--30);margin-bottom:var(--wp--preset--spacing--30);font-size:15px\"><a href=\"https:\/\/www.vet.una.py\/?page_id=2454\">Revista<\/a><\/h2>\n\n\n\n<h2 class=\"wp-block-heading has-text-color has-link-color\" style=\"color:#921f53;margin-top:var(--wp--preset--spacing--30);margin-bottom:var(--wp--preset--spacing--30);font-size:15px\"><a href=\"https:\/\/www.vet.una.py\/?page_id=2879\">Reglamentos<\/a><\/h2>\n\n\n\n<h2 class=\"wp-block-heading has-text-color has-link-color\" style=\"color:#921f53;margin-top:var(--wp--preset--spacing--30);margin-right:0;margin-bottom:var(--wp--preset--spacing--30);margin-left:0;font-size:15px\"><a href=\"https:\/\/www.vet.una.py\/?page_id=2456\">Proyectos<\/a><\/h2>\n\n\n\n<h2 class=\"wp-block-heading has-text-color has-link-color\" style=\"color:#921f53;margin-top:var(--wp--preset--spacing--30);margin-bottom:var(--wp--preset--spacing--30);font-size:15px\"><a href=\"https:\/\/www.vet.una.py\/?page_id=2458\">Difusi\u00f3n<\/a><\/h2>\n<\/div>\n<\/div>\n\n\n\n<div style=\"height:12px\" aria-hidden=\"true\" class=\"wp-block-spacer\"><\/div>\n\n\n\n<hr class=\"wp-block-separator has-alpha-channel-opacity is-style-wide\" style=\"margin-top:0;margin-bottom:0\"\/>\n\n\n\n<h6 class=\"wp-elements-47a0d882bc74e78f89efd02131040046 wp-block-heading has-text-color has-link-color\" style=\"color:#921f53\">Acceso a trabajos cient\u00edficos<\/h6>\n\n\n\n<hr class=\"wp-block-separator has-alpha-channel-opacity is-style-wide\" style=\"margin-top:0;margin-bottom:0\"\/>\n\n\n\n<p style=\"font-size:13px;margin-top:var:preset|spacing|20;margin-bottom:var:preset|spacing|20\"><p style=\"margin-top:var(--wp--preset--spacing--20);margin-bottom:var(--wp--preset--spacing--20);font-size:13px\">Aqu\u00ed les presentamos enlaces de inter\u00e9s para realizar b\u00fasquedas de trabajos cient\u00edficos:<\/p><\/p>\n\n\n\n<ul class=\"wp-block-list\">\n\n<li class=\"wp-elements-a2b48db85ffa4b72f5db6aee5c882c14 has-secondary-color has-text-color has-link-color\" style=\"font-size:15px\"><a href=\"https:\/\/scholar.google.es\/\"><span style=\"text-decoration: underline;\">Google Acad\u00e9mico<\/span><\/a><\/li>\n\n\n<li class=\"wp-elements-d5d1d8bb4f6d2c780ca9f4af39e3532b has-secondary-color has-text-color has-link-color\" style=\"font-size:15px\"><a href=\"https:\/\/www.cnc.una.py\/opac\/\" data-type=\"link\" data-id=\"https:\/\/www.cnc.una.py\/opac\/\"><span style=\"text-decoration: underline;\">OPAC\/SGB Cat\u00e1logo bibliogr\u00e1fico de la UNA<\/span><\/a><\/li>\n\n\n<li class=\"wp-elements-86d3bca4cdcb1b1afc2685a955e9453a has-secondary-color has-text-color has-link-color\" style=\"font-size:15px\"><a href=\"https:\/\/scielo.iics.una.py\/cgi-bin\/wxis.exe\/iah\/?IsisScript=iah\/iah.xis&amp;base=article%5Edlibrary&amp;fmt=iso.pft&amp;lang=e\"><span style=\"text-decoration: underline;\">Scielo Paraguay<\/span><\/a><\/li>\n\n\n<li class=\"wp-elements-268896f8e47e2ee827f1dcd4ca45213b has-secondary-color has-text-color has-link-color\" style=\"font-size:15px\"><a href=\"https:\/\/cicco.conacyt.gov.py\/\"><span style=\"text-decoration: underline;\">CICCO Paraguay<\/span><\/a><\/li>\n\n<\/ul>\n\n\n\n<div style=\"height:12px\" aria-hidden=\"true\" class=\"wp-block-spacer\"><\/div>\n\n\n\n<h6 class=\"wp-elements-76bb0e57f33fbe445bd2d81846968906 wp-block-heading has-text-color has-link-color\" style=\"color:#921f53\">Becas<\/h6>\n\n\n\n<hr class=\"wp-block-separator has-alpha-channel-opacity is-style-wide\" style=\"margin-top:0;margin-bottom:0\"\/>\n\n\n\n<figure class=\"wp-block-image size-full\"><a href=\"https:\/\/cooperacion.stp.gov.py\/becas\/\" target=\"_blank\" rel=\"noreferrer noopener\"><img loading=\"lazy\" width=\"651\" height=\"109\" src=\"https:\/\/www.vet.una.py\/wp-content\/uploads\/2025\/04\/WhatsApp-Image-2025-04-21-at-08.56.04.jpeg\" alt=\"\" class=\"wp-image-2772\"\/><\/a><\/figure>\n\n\n\n<div style=\"height:12px\" aria-hidden=\"true\" class=\"wp-block-spacer\"><\/div>\n\n\n\n<h6 class=\"wp-elements-10e64e020133add1852e7ed3ab6fb8ff wp-block-heading has-text-color has-link-color\" style=\"color:#921f53\">CONACYT<\/h6>\n\n\n\n<hr class=\"wp-block-separator has-alpha-channel-opacity is-style-wide\" style=\"margin-top:0;margin-bottom:0\"\/>\n\n\n\n<figure class=\"wp-block-image size-full\"><a href=\"https:\/\/www.conacyt.gov.py\/\"><img loading=\"lazy\" width=\"545\" height=\"108\" src=\"https:\/\/www.vet.una.py\/wp-content\/uploads\/2025\/04\/WhatsApp-Image-2025-04-21-at-09.07.36.jpeg\" alt=\"\" class=\"wp-image-2777\"\/><\/a><\/figure>\n\n\n\n<div style=\"height:12px\" aria-hidden=\"true\" class=\"wp-block-spacer\"><\/div>\n\n\n\n<h6 class=\"wp-elements-9aa53547ece7f1a1cec269a8d4c22cec wp-block-heading has-text-color has-link-color\" style=\"color:#921f53\">Enlaces de Inter\u00e9s<\/h6>\n\n\n\n<hr class=\"wp-block-separator has-alpha-channel-opacity is-style-wide\" style=\"margin-top:0;margin-bottom:0\"\/>\n\n\n\n<ul class=\"wp-block-list\">\n\n<li class=\"wp-elements-ad7783cfd040a79e90cbf43f6177a964 has-secondary-color has-text-color has-link-color\" style=\"font-size:15px\"><a href=\"https:\/\/www.una.py\/\"><span style=\"text-decoration: underline;\">Universidad Nacional de Asunci\u00f3n<\/span><\/a><\/li>\n\n\n<li class=\"wp-elements-0f882c87d143797db9f5dd37c2eedf41 has-secondary-color has-text-color has-link-color\" style=\"font-size:15px\"><a href=\"https:\/\/www.conacyt.gov.py\/\"><span style=\"text-decoration: underline;\">Consejo Nacional de Ciencia y Tecnolog\u00eda<\/span><\/a><\/li>\n\n\n<li class=\"wp-elements-e8e982b513428f9596ac7fd81b7c8f75 has-secondary-color has-text-color has-link-color\" style=\"font-size:15px\"><a href=\"https:\/\/iica.int\/es\/\"><span style=\"text-decoration: underline;\">Instituto Interamericano de Cooperaci\u00f3n para la Agricultura<\/span><\/a><\/li>\n\n\n<li class=\"wp-elements-03f496e7cacd69c84a401f2e3dc6f976 has-secondary-color has-text-color has-link-color\" style=\"font-size:15px\"><a href=\"http:\/\/www.senacsa.gov.py\/\"><span style=\"text-decoration: underline;\">Servicio Nacional de Calidad y Salud Animal<\/span><\/a><\/li>\n\n\n<li class=\"wp-elements-39ced78f743534adc7e8a0e6b418fce6 has-secondary-color has-text-color has-link-color\" style=\"font-size:15px\"><a href=\"https:\/\/www.mag.gov.py\/\"><span style=\"text-decoration: underline;\">Ministerio de Agricultura y Ganader\u00eda<\/span><\/a><\/li>\n\n\n<li class=\"wp-elements-5464c41454f43f30bb7ac6b51cfaaa6d has-secondary-color has-text-color has-link-color\" style=\"font-size:15px\"><a href=\"https:\/\/www.arp.org.py\/\"><span style=\"text-decoration: underline;\">Asociaci\u00f3n Rural del Paraguay<\/span><\/a><\/li>\n\n\n<li class=\"wp-elements-ff8b81af11200aec74b9f460c904d4ff has-secondary-color has-text-color has-link-color\" style=\"font-size:15px\"><a href=\"https:\/\/www.fondogan.gov.py\/\"><span style=\"text-decoration: underline;\">Fondo Ganadero<\/span><\/a><\/li>\n\n<\/ul>\n\n\n\n<div style=\"height:12px\" aria-hidden=\"true\" class=\"wp-block-spacer\"><\/div>\n\n\n\n<h6 class=\"wp-elements-2d5eef91dfd15b25d049b4c72ede6d96 wp-block-heading has-text-color has-link-color\" style=\"color:#921f53\">Horario de Atenci\u00f3n<\/h6>\n\n\n\n<p style=\"font-size:15px;margin-top:0;margin-bottom:0\"><strong>Lunes a Viernes<\/strong><br>7:30 a 18:00 Hrs<\/p>\n<\/div>\n\n\n\n<div class=\"wp-container-4 wp-block-column is-vertically-aligned-top\" style=\"flex-basis:70%\">\n<h2 class=\"wp-elements-6854904af2d4c5bc25cace223de8b953 has-text-align-left wp-block-heading has-work-sans-font-family has-text-color has-link-color\" style=\"color:#921f53;font-size:25px;text-transform:uppercase\"><a href=\"https:\/\/www.vet.una.py\/?page_id=2879\" data-type=\"page\" data-id=\"2879\" target=\"_blank\" rel=\"noreferrer noopener\">PROYECTOS CON FONDOS CONCURSABLES DE INVESTIGACI\u00d3N&nbsp;DE LA FCV-UNA \u2013 2023-2024<\/a><\/h2>\n\n\n\n<figure class=\"wp-block-table is-style-regular\"><table><thead><tr><th>C\u00f3d.<\/th><th>T\u00edtulo del Proyecto<\/th><th>Estado<\/th><\/tr><\/thead><tbody><tr><td>FCI-FCV23-01                                                                                                     <\/td><td>Morfometr\u00eda intestinal en pollos parrilleros a partir de cortes histol\u00f3gicos te\u00f1idos con hematoxilina y eosina<\/td><td>Concluido<\/td><\/tr><tr><td>FCI-FCV24-01<\/td><td>Comparaci\u00f3n morfom\u00e9trica entre&nbsp;<em>Pseudoplatystoma reticulatum<\/em>&nbsp;x&nbsp;<em>Pimelodus maculatus y Pseudoplatystoma reticulatum<\/em>, criados en cautiverio mediante programas inform\u00e1ticos utilizando hitos similares<\/td><td>Concluido<\/td><\/tr><\/tbody><\/table><\/figure>\n\n\n\n<h2 class=\"wp-elements-3839d9d87b50b2fe1a0818c54a48a2c6 wp-block-heading has-work-sans-font-family has-text-color has-link-color\" style=\"color:#921f53;font-size:25px\">PROYECTOS CON FINANCIAMIENTO EXTERNO<\/h2>\n\n\n\n<h4 class=\"wp-block-heading has-work-sans-font-family\" style=\"font-size:18px\"><a href=\"https:\/\/www.conacyt.gov.py\/prociencia\" target=\"_blank\" rel=\"noreferrer noopener\">PROYECTOS DE INVESTIGACI\u00d3N CON FINANCIAMIENTO DEL PROGRAMA PROCIENCIA DEL CONACYT<\/a><\/h4>\n\n\n\n<figure class=\"wp-block-image size-full\"><img loading=\"lazy\" width=\"1024\" height=\"150\" src=\"https:\/\/www.vet.una.py\/wp-content\/uploads\/2025\/04\/Logo-CONACYT-PROCIENCIA-FEEI-1024x150-1.png\" alt=\"\" class=\"wp-image-2868\"\/><\/figure>\n\n\n\n<h4 class=\"wp-block-heading has-work-sans-font-family\" style=\"font-size:18px\"><a href=\"https:\/\/www.conacyt.gov.py\/sites\/default\/files\/resoluciones\/resolucion-649-2023-adjudicacion-proyectos-i-d_1.pdf\" target=\"_blank\" rel=\"noreferrer noopener\">PROYECTOS DE INVESTIGACI\u00d3N CON FINANCIAMIENTO DEL PROGRAMA PROCIENCIA-II DEL CONACYT \u2013 CONVOCATORIA 2022<\/a><\/h4>\n\n\n\n<figure class=\"wp-block-table\"><table><thead><tr><th>C\u00f3d.<\/th><th>Modalidad<\/th><th>T\u00edtulo del Proyecto<\/th><th>Estado<\/th><\/tr><\/thead><tbody><tr><td>INIC01-113                 <\/td><td>Iniciaci\u00f3n de investigadores<\/td><td>Detecci\u00f3n y caracterizaci\u00f3n molecular de microorganismos con impacto en salud p\u00fablica en felinos dom\u00e9sticos de Asunci\u00f3n y alrededores.<\/td><td>Ejecuci\u00f3n<\/td><\/tr><tr><td>INIC01-30       <\/td><td>Iniciaci\u00f3n de investigadores<\/td><td>Determinaci\u00f3n de la diversidad gen\u00e9tica e identificaci\u00f3n de genes de resistencia antimicrobiana de cepas de&nbsp;<em>Salmonella<\/em>&nbsp;spp. aisladas en pollos parrilleros.<\/td><td>Ejecuci\u00f3n<\/td><\/tr><tr><td>PINV01-568                                       <\/td><td>Iniciaci\u00f3n b\u00e1sica<\/td><td>Diversidad gen\u00e9tica e identificaci\u00f3n de genes de resistencia antimicrobiana de cepas de&nbsp;<em>Salmonella&nbsp;<\/em>spp. aisladas de tortugas como potenciales reservorios para la transmisi\u00f3n en humano.<\/td><td>Ejecuci\u00f3n<\/td><\/tr><tr><td>PINV01-1145<\/td><td>Investigaci\u00f3n aplicada<\/td><td>Perfil de \u00e1cidos grasos y producci\u00f3n l\u00e1ctea, con inclusi\u00f3n de subproductos en la formulaci\u00f3n de vacas lecheras.<\/td><td>Ejecuci\u00f3n<\/td><\/tr><tr><td>PINV01-107<\/td><td>Investigaci\u00f3n aplicada<\/td><td>An\u00e1lisis de haplotipos de fertilidad en la raza Holstein Friesian en tambos lecheros de mediana producci\u00f3n.<\/td><td>Ejecuci\u00f3n<\/td><\/tr><\/tbody><\/table><\/figure>\n\n\n\n<h4 class=\"wp-block-heading has-work-sans-font-family\" style=\"font-size:18px\"><a href=\"https:\/\/www.conacyt.gov.py\/sites\/default\/files\/documentos_lista\/Res%20315-2020%20Adjudicados%20LABO18.pdf\" target=\"_blank\" rel=\"noreferrer noopener\">PROYECTOS DE INVESTIGACI\u00d3N CON FINANCIAMIENTO DEL PROGRAMA PROCIENCIA DEL CONACYT \u2013 CONVOCATORIA 2018<\/a><\/h4>\n\n\n\n<figure class=\"wp-block-table\"><table class=\"has-fixed-layout\"><tbody><tr><td><strong>Cod.<\/strong><\/td><td><strong>Denominaci\u00f3n<\/strong><\/td><td><strong>T\u00edtulo del Proyecto<\/strong><\/td><td><strong>Estado<\/strong><\/td><\/tr><tr><td>LABO 18-59<\/td><td>Equipamiento Tecnol\u00f3gico de Investigaci\u00f3n<\/td><td><a href=\"https:\/\/www.vet.una.py\/?page_id=5010\" target=\"_blank\" rel=\"noreferrer noopener\">DETERMINACI\u00d3N DE CARBONO\/NITR\u00d3GENO POR COMBUSTI\u00d3N DIRECTA PARA ESTIMAR PRODUCCI\u00d3N DE CALOR Y BALANCE C-N EN ANIMALES<\/a><\/td><td>Monitoreo ex post hasta el 31\/05\/2026<\/td><\/tr><\/tbody><\/table><\/figure>\n\n\n\n<hr class=\"wp-block-separator aligncenter has-alpha-channel-opacity is-style-default\"\/>\n\n\n\n<h4 class=\"wp-block-heading has-work-sans-font-family\" style=\"font-size:18px\"><a href=\"http:\/\/www.conacyt.gov.py\/sites\/default\/files\/resolucion_nro_310_2016.pdf\" target=\"_blank\" rel=\"noreferrer noopener\">PROYECTOS DE INVESTIGACI\u00d3N CON FINANCIAMIENTO DEL PROGRAMA PROCIENCIA DEL CONACYT \u2013 CONVOCATORIA 2015<\/a><\/h4>\n\n\n\n<figure class=\"wp-block-table\"><table class=\"has-fixed-layout\"><tbody><tr><td><strong>Cod.<\/strong><\/td><td><strong>Denominaci\u00f3n<\/strong><\/td><td><strong>T\u00edtulo del Proyecto<\/strong><\/td><td><strong>Estado<\/strong><\/td><td><strong>Publicaci\u00f3n<\/strong><\/td><\/tr><tr><td>PINV15-240&nbsp;<\/td><td>Proyecto de Iniciaci\u00f3n de Investigadores<\/td><td><a href=\"https:\/\/datos.conacyt.gov.py\/proyectos\/pdf\/612\" target=\"_blank\" rel=\"noreferrer noopener\">TIPIFICACION Y EVALUACION DE LA SENSIBILIDAD ANTIMICROBIANA DE CEPAS DE CAMPYLOBACTER JEJUNI Y COMPYLOBACTER COLI ASILADAS DE POLLOS PARRILLEROS DEL BAJO CHACO-PARAGUAY<\/a><\/td><td>Monitoreo ex post.<\/td><td><a href=\"https:\/\/doi.org\/10.18004\/compend.cienc.vet.2022.12.01.14\" target=\"_blank\" rel=\"noreferrer noopener\">Art\u00edculo<\/a><\/td><\/tr><tr><td>PINV15-252&nbsp;<\/td><td>Proyecto de Iniciaci\u00f3n de Investigadores&nbsp;<\/td><td><a href=\"https:\/\/datos.conacyt.gov.py\/proyectos\/pdf\/360\" target=\"_blank\" rel=\"noreferrer noopener\">EFICIENCIA DE DISTINTOS METODOS PARA RECUENTO DE GARRAPATAS EN ANIMALES DE INTERES ZOOTECNICO Y SU INFLUJO EN EL MANEJO INTEGRAL DE PLAGAS EN DIFERENTES AGROECOSISTEMAS DE PRODUCCION EXTENSIVA<\/a><\/td><td>Monitoreo ex post.<\/td><td><a href=\"https:\/\/revistasinvestigacion.unmsm.edu.pe\/index.php\/veterinaria\/article\/view\/18802\" target=\"_blank\" rel=\"noreferrer noopener\">Art\u00edculo<\/a><\/td><\/tr><tr><td>PINV15-54&nbsp;<\/td><td>Proyecto de Iniciaci\u00f3n de Investigadores&nbsp;<\/td><td><a href=\"https:\/\/datos.conacyt.gov.py\/proyectos\/pdf\/438\" target=\"_blank\" rel=\"noreferrer noopener\">CARACTERIZACI\u00d3N GEN\u00c9TICA DE LA POBLACI\u00d3N AV\u00cdCOLA RUSTIPOLLOS, LOCALIZADA EN LA DIVISI\u00d3N DE AVICULTURA DE LA FACULTAD DE CIENCIAS VETERINARIAS<\/a><\/td><td>Monitoreo ex post.<\/td><td><a href=\"https:\/\/doi.org\/10.15446\/rev.colomb.biote.v23n2.94961\" target=\"_blank\" rel=\"noreferrer noopener\">Art\u00edculo<\/a><\/td><\/tr><tr><td>PINV15-557&nbsp;<\/td><td>Proyecto de Iniciaci\u00f3n de Investigadores&nbsp;<\/td><td><a href=\"https:\/\/datos.conacyt.gov.py\/proyectos\/pdf\/554\" target=\"_blank\" rel=\"noreferrer noopener\">ESTUDIO DE LAS EMISIONES DE GASES DE EFECTO INVERNADERO MAS IMPORTANTES (METANO Y DIOXIDO DE CARBONO) EMANADAS POR ESPECIES&nbsp;&nbsp;DE INTERES ZOOTECNICO EN DIFERENTES SISTEMAS DE PRODUCCION<\/a><\/td><td>Monitoreo ex post.<\/td><td><a href=\"https:\/\/doi.org\/10.52973\/rcfcv-luz313.art4\" target=\"_blank\" rel=\"noreferrer noopener\">Art\u00edculo<\/a><\/td><\/tr><tr><td>PINV15-682&nbsp;<\/td><td>Proyecto Institucional&nbsp;<\/td><td><a href=\"https:\/\/datos.conacyt.gov.py\/proyectos\/pdf\/829\" target=\"_blank\" rel=\"noreferrer noopener\">PREVALENCIA DE LA RESISTENCIA ANTIMICROBIANA EN FINCAS LECHERAS DE LOS DEPARTAMENTOS CENTRAL, CORDILLERA Y PARAGUARI, EN EL MARCO DE UN PLAN DE VIGILANCIA EPIDEMIOL\u00d3GICA.<\/a><\/td><td>Monitoreo ex post.<\/td><td><a rel=\"noreferrer noopener\" href=\"https:\/\/doi.org\/10.30972\/vet.3215629\" target=\"_blank\">Art\u00edculo<\/a><\/td><\/tr><tr><td><a href=\"https:\/\/datos.conacyt.gov.py\/proyectos\/pdf\/384\" target=\"_blank\" rel=\"noreferrer noopener\">PINV15-377&nbsp;<\/a><\/td><td>Proyecto Asociativo&nbsp;<\/td><td><a rel=\"noreferrer noopener\" href=\"https:\/\/datos.conacyt.gov.py\/proyectos\/nid\/384\" target=\"_blank\">GENOTIPIFICACION DE CEPAS DE BRUCELLA EN CULTIVOS AISLADOS DE RUMIANTES EN EL PARAGUAY<\/a><\/td><td>Monitoreo ex post.<\/td><td>Art\u00edculo en proceso<\/td><\/tr><tr><td>PINV15-484&nbsp;<\/td><td>Proyecto Asociativo&nbsp;<\/td><td><a href=\"https:\/\/datos.conacyt.gov.py\/proyectos\/nid\/853\" target=\"_blank\" rel=\"noreferrer noopener\">PRODUCCION IN VITRO DE EMBRIONES BOVINOS CON EL SISTEMA DE INCUBACION SUBMARINO (SIS): EFECTO DE UN ANTAGONISTA DE OPIODE (NALOXONE) EN LA MADURACION OOCITARIO, DESARROLLO EMBRIONARIO, CRIOPRESERVACION\/CRIOSOBREVIVENCIA Y ESTABLECIMIENTO DE LA PRENEZ<\/a><\/td><td>Monitoreo ex post.<\/td><td>Art\u00edculo en proceso<\/td><\/tr><\/tbody><\/table><\/figure>\n\n\n\n<hr class=\"wp-block-separator aligncenter has-alpha-channel-opacity\"\/>\n\n\n\n<h3><strong>Proyectos Institucionales <\/strong><\/h3>\n\n\n\n<p>Proyectos sometidos al proceso de evaluaci\u00f3n en cumplimiento de las resoluciones 479\/2021 \u201cPor la cual se aprueba el protocolo de proyectos de investigaci\u00f3n Institucional y sus anexos, a ser aplicados en la Facultad de Ciencias Veterinarias de la Universidad Nacional de Asunci\u00f3n\u201d y 403\/2022 \u201cPor la cual se establece el flujograma de revisi\u00f3n de la documentaci\u00f3n relacionada a proyectos de investigaci\u00f3n de la Facultad de Ciencias Veterinarias de la Universidad Nacional de Asunci\u00f3n\u201d<\/p>\n\n\n\n<figure class=\"wp-block-table\"><table><tbody><tr><td><strong>Periodo<\/strong><\/td><td><strong>T\u00edtulo<\/strong><\/td><td><strong>Investigador proponente<\/strong><\/td><\/tr><tr><td>2022<\/td><td>Evaluaci\u00f3n, procesamiento y conservaci\u00f3n de material gen\u00e9tico de colmenas seleccionadas por mansedumbre, comportamiento higi\u00e9nico y productividad de <em>Apis mellifera.<\/em><\/td><td>Dr. C\u00e9sar Eduardo Morales Mongel\u00f3s<\/td><\/tr><tr><td>2022<\/td><td>Principales causas de rechazos de toros como reproductores a nivel nacional.<\/td><td>Dra. Alexandra Beatriz Paul Bosquet<\/td><\/tr><tr><td>2023<\/td><td>Efecto del manejo zoot\u00e9cnico en la producci\u00f3n y calidad microbiol\u00f3gica de la leche en la Divisi\u00f3n Ganado Bovino de leche<\/td><td>Dra. Rossana \u00c1lvarez<\/td><\/tr><tr><td>2024<\/td><td>Estrategias para el mejoramiento de la crioconservaci\u00f3n de gametos y embriones en las especies dom\u00e9sticas<\/td><td>Prof. Dra. Mar\u00eda Paz Ben\u00edtez Mora<\/td><\/tr><\/tbody><\/table><\/figure>\n\n\n\n<hr class=\"wp-block-separator aligncenter has-alpha-channel-opacity\"\/>\n\n\n\n<h3 class=\"wp-elements-198f13a89b6cd0d897ffe33a35e66731 wp-block-heading has-work-sans-font-family has-text-color has-link-color\" style=\"color:#921f53;font-size:25px\"><a href=\"https:\/\/www.una.py\/investigacion\/fondos-de-investigacion\">PROYECTOS CON FINANCIAMIENTO \u2013 FONDOS DEL RECTORADO \u2013 UNA.<\/a><\/h3>\n\n\n\n<figure class=\"wp-block-image aligncenter size-full is-resized\" style=\"margin-top:var(--wp--preset--spacing--50);margin-bottom:var(--wp--preset--spacing--50)\"><img loading=\"lazy\" width=\"768\" height=\"248\" src=\"https:\/\/www.vet.una.py\/wp-content\/uploads\/2025\/04\/logo-una.png\" alt=\"\" class=\"wp-image-2869\" style=\"width:310px;height:auto\"><\/figure>\n\n\n\n<h4 class=\"wp-block-heading has-work-sans-font-family\" style=\"font-size:18px\"><a href=\"https:\/\/www.una.py\/investigacion\/fondos-de-investigacion\">PROYECTOS CON FINANCIAMIENTO \u2013 FONDOS DEL RECTORADO \u2013 UNA 2022<\/a><\/h4>\n\n\n\n<figure class=\"wp-block-table\"><table class=\"has-fixed-layout\"><tbody><tr><td><strong>Cod.<\/strong><\/td><td><strong>Denominaci\u00f3n<\/strong><\/td><td><strong>T\u00edtulo del Proyecto<\/strong><\/td><td><strong>Estado<\/strong><\/td><\/tr><tr><td>FIR22-01<\/td><td>Proyecto de Investigaci\u00f3n<\/td><td>Evaluaci\u00f3n de par\u00e1metros productivos y calidad del agua en sistema biofloc (BTF) con dos densidades de siembra de Tilapia (<em>Oreochromis niloticus<\/em>), para transferencia e implementaci\u00f3n de nueva tecnolog\u00eda al sector acu\u00edcola.<\/td><td>Concluido<\/td><\/tr><tr><td>FIR22-02<\/td><td>Proyecto de Investigaci\u00f3n<\/td><td><a href=\"https:\/\/doi.org\/10.52973\/rcfcv-e34471\">Producci\u00f3n l\u00e1ctea y composici\u00f3n qu\u00edmica de la leche con el uso de Expeller de Ch\u00eda&nbsp;<em>(Salvia hisp\u00e1nica L.)<\/em>&nbsp;en la formulaci\u00f3n de vacas lecheras.<\/a><\/td><td><br><a href=\"https:\/\/doi.org\/10.52973\/rcfcv-e34471\">Art\u00edculo<\/a><\/td><\/tr><\/tbody><\/table><\/figure>\n\n\n\n<hr class=\"wp-block-separator has-alpha-channel-opacity\"\/>\n\n\n\n<h4 class=\"wp-block-heading has-work-sans-font-family\" style=\"font-size:18px\"><a rel=\"noreferrer noopener\" href=\"https:\/\/www.vet.una.py\/investigacion\/2021\/09\/20\/convocatoria-2021-de-financiamiento-con-fondos-del-rectorado\/\" target=\"_blank\">PROYECTOS CON FINANCIAMIENTO \u2013 FONDOS DEL RECTORADO \u2013 UNA 2021<\/a><\/h4>\n\n\n\n<figure class=\"wp-block-table\"><table class=\"has-fixed-layout\"><tbody><tr><td><strong>Cod.<\/strong><\/td><td><strong>Denominaci\u00f3n<\/strong><\/td><td><strong>T\u00edtulo del Proyecto<\/strong><\/td><td><strong>Estado<\/strong><\/td><\/tr><tr><td>REC21-01&nbsp;<\/td><td>Proyecto de Investigaci\u00f3n<\/td><td><a href=\"https:\/\/www.vet.una.py\/investigacion\/wp-content\/uploads\/2022\/03\/PROYECTOS-FINANCIADO-POR-RECTORADO-FIR-FCV-21-01.pdf\">GENERAR UNA LINEA DE BASE DE LA ICTIOFAUNA EXISTENTE PARA MEDIR EL IMPACTO PROVOCADO POR LA CONSTRUCCION DE LA COSTANERA EN LA BAHIA DE ASUNCI\u00d3N.<\/a><\/td><td><br>Concluido<\/td><\/tr><tr><td>&nbsp;REC21-02<\/td><td>Proyecto de Investigaci\u00f3n<\/td><td><a href=\"https:\/\/www.vet.una.py\/investigacion\/wp-content\/uploads\/2022\/03\/PROYECTOS-FINANCIADO-POR-RECTORADO-FIR-FCV-21-02.pdf\">INFLUENCIA DE LA INCORPORACI\u00d3N DE M\u00daSICA EN EL PROCESO DE ORDE\u00d1E EN VACAS LECHERAS DE LA DIVISI\u00d3N GANADO BOVINO DE LECHE DE LA FACULTAD DE CIENCIAS VETERINARIAS EN EL A\u00d1O 2021.<\/a><\/td><td><br>Concluido<\/td><\/tr><tr><td>&nbsp;REC21-03<\/td><td>Proyecto de Investigaci\u00f3n<\/td><td><a href=\"https:\/\/www.vet.una.py\/investigacion\/wp-content\/uploads\/2022\/03\/PROYECTOS-FINANCIADO-POR-RECTORADO-FIR-FCV-21-03.pdf\">ESTANDARIZACI\u00d3N, DETECCI\u00d3N MOLECULAR Y FRECUENCIA DE LEPTOSPIRA SPP. EN MUESTRAS DE SANGRE ENTERA Y DE ORINA EN CANINOS DOM\u00c9STICOS QUE ACUDEN AL HOSPITAL VETERINARIO \u201cPROF. DR. JOS\u00c9 VICENTE N\u00da\u00d1EZ\u201d DE LA FACULTAD DE CIENCIAS VETERINARIAS, UNIVERSIDAD NACIONAL DE ASUNCI\u00d3N, 2021.<\/a><\/td><td><br>Concluido<\/td><\/tr><\/tbody><\/table><\/figure>\n\n\n\n<hr class=\"wp-block-separator aligncenter has-alpha-channel-opacity\"\/>\n\n\n\n<h3 class=\"has-text-align-left wp-block-heading has-work-sans-font-family\" style=\"font-size:18px\"><a href=\"https:\/\/www.rutgers.edu\/\">PROYECTOS CON FINANCIAMIENTO \u2013 FONDOS DE LA RUTGERS UNIVERSITY \u2013 2020<\/a><\/h3>\n\n\n\n<figure class=\"wp-block-image aligncenter size-full\"><img loading=\"lazy\" width=\"300\" height=\"81\" src=\"https:\/\/www.vet.una.py\/wp-content\/uploads\/2025\/04\/Logo-Rutgers-University-300x81-1.jpg\" alt=\"\" class=\"wp-image-2871\"\/><\/figure>\n\n\n\n<figure class=\"wp-block-table\"><table class=\"has-fixed-layout\"><tbody><tr><td><strong>T\u00edtulo del proyecto<\/strong><\/td><td><strong>Estado<\/strong><\/td><\/tr><tr><td><a href=\"https:\/\/revistascientificas.una.py\/index.php\/rdgic\/article\/view\/2481\" target=\"_blank\" rel=\"noreferrer noopener\">\u00c9TICA, EQUIDAD Y TRANSPARENCIA EN LA MODALIDAD VIRTUAL DE LA EDUCACI\u00d3N SUPERIOR<\/a><\/td><td>Concluido<\/td><\/tr><tr><td><a href=\"https:\/\/revistascientificas.una.py\/index.php\/rdgic\/article\/view\/2480\/\" target=\"_blank\" rel=\"noreferrer noopener\">DISMINUCI\u00d3N DE ANIMALES EN LAS CALLES CON RESPONSABILIDAD COMPARTIDA EN UN MARCO \u00c9TICO, EQUITATIVO Y TRANSPARENTE EN LA CIUDAD DE CONCEPCI\u00d3N<\/a><\/td><td>Concluido<\/td><\/tr><\/tbody><\/table><\/figure>\n<\/div>\n<\/div>\n\n\n\n<p><\/p>\n","protected":false},"excerpt":{"rendered":"<p>Quienes somos L\u00edneas de Investigaci\u00f3n Revista Reglamentos Proyectos Difusi\u00f3n Acceso a trabajos cient\u00edficos Aqu\u00ed les [&hellip;]<\/p>\n","protected":false},"author":8,"featured_media":2896,"parent":0,"menu_order":0,"comment_status":"closed","ping_status":"closed","template":"","meta":[],"_links":{"self":[{"href":"https:\/\/www.vet.una.py\/index.php?rest_route=\/wp\/v2\/pages\/2456"}],"collection":[{"href":"https:\/\/www.vet.una.py\/index.php?rest_route=\/wp\/v2\/pages"}],"about":[{"href":"https:\/\/www.vet.una.py\/index.php?rest_route=\/wp\/v2\/types\/page"}],"author":[{"embeddable":true,"href":"https:\/\/www.vet.una.py\/index.php?rest_route=\/wp\/v2\/users\/8"}],"replies":[{"embeddable":true,"href":"https:\/\/www.vet.una.py\/index.php?rest_route=%2Fwp%2Fv2%2Fcomments&post=2456"}],"version-history":[{"count":31,"href":"https:\/\/www.vet.una.py\/index.php?rest_route=\/wp\/v2\/pages\/2456\/revisions"}],"predecessor-version":[{"id":8443,"href":"https:\/\/www.vet.una.py\/index.php?rest_route=\/wp\/v2\/pages\/2456\/revisions\/8443"}],"wp:featuredmedia":[{"embeddable":true,"href":"https:\/\/www.vet.una.py\/index.php?rest_route=\/wp\/v2\/media\/2896"}],"wp:attachment":[{"href":"https:\/\/www.vet.una.py\/index.php?rest_route=%2Fwp%2Fv2%2Fmedia&parent=2456"}],"curies":[{"name":"wp","href":"https:\/\/api.w.org\/{rel}","templated":true}]}}