{"id":2447,"date":"2025-04-14T08:51:31","date_gmt":"2025-04-14T11:51:31","guid":{"rendered":"http:\/\/10.1.5.86\/?page_id=2447"},"modified":"2026-04-22T10:51:11","modified_gmt":"2026-04-22T13:51:11","slug":"investigacion","status":"publish","type":"page","link":"https:\/\/www.vet.una.py\/?page_id=2447","title":{"rendered":"Direcci\u00f3n de Investigaci\u00f3n Cient\u00edfica y Tecnol\u00f3gica"},"content":{"rendered":"\n<div class=\"wp-container-7 wp-block-columns alignfull are-vertically-aligned-top\">\n<div class=\"wp-container-3 wp-block-column is-vertically-aligned-top\" style=\"flex-basis:15%\">\n<hr class=\"wp-block-separator has-alpha-channel-opacity is-style-wide\" style=\"margin-top:0;margin-bottom:0\"\/>\n\n\n\n<div class=\"wp-container-2 wp-block-group alignwide gutenify-section-30dc5800-0447-11ee-9f77-078cf27c462b\" style=\"padding-bottom:0px\">\n<div class=\"wp-container-1 is-vertical wp-block-group gutenify-section-30dc09e0-0447-11ee-9f77-078cf27c462b\" style=\"padding-top:0px;padding-right:0px;padding-bottom:0px;padding-left:0px\">\n<h2 class=\"wp-block-heading has-text-color has-link-color\" style=\"border-style:none;border-width:0px;color:#921f53;margin-top:var(--wp--preset--spacing--30);margin-right:0;margin-bottom:var(--wp--preset--spacing--30);margin-left:0;font-size:15px\"><a href=\"https:\/\/www.vet.una.py\/?page_id=2450\">Quienes somos<\/a><\/h2>\n\n\n\n<h2 class=\"wp-block-heading has-text-color has-link-color\" style=\"color:#921f53;margin-top:var(--wp--preset--spacing--30);margin-bottom:var(--wp--preset--spacing--30);font-size:15px\"><a href=\"https:\/\/www.vet.una.py\/?page_id=2452\">L\u00edneas de Investigaci\u00f3n<\/a><\/h2>\n\n\n\n<h2 class=\"wp-block-heading has-text-color has-link-color\" style=\"color:#921f53;margin-top:var(--wp--preset--spacing--30);margin-bottom:var(--wp--preset--spacing--30);font-size:15px\"><a href=\"https:\/\/www.vet.una.py\/?page_id=2454\">Revista<\/a><\/h2>\n\n\n\n<h2 class=\"wp-block-heading has-text-color has-link-color\" style=\"color:#921f53;margin-top:var(--wp--preset--spacing--30);margin-bottom:var(--wp--preset--spacing--30);font-size:15px\"><a href=\"https:\/\/www.vet.una.py\/?page_id=2879\">Reglamentos<\/a><\/h2>\n\n\n\n<h2 class=\"wp-block-heading has-text-color has-link-color\" style=\"color:#921f53;margin-top:var(--wp--preset--spacing--30);margin-right:0;margin-bottom:var(--wp--preset--spacing--30);margin-left:0;font-size:15px\"><a href=\"https:\/\/www.vet.una.py\/?page_id=2456\">Proyectos<\/a><\/h2>\n\n\n\n<h2 class=\"wp-block-heading has-text-color has-link-color\" style=\"color:#921f53;margin-top:var(--wp--preset--spacing--30);margin-bottom:var(--wp--preset--spacing--30);font-size:15px\"><a href=\"https:\/\/www.vet.una.py\/?page_id=2458\">Difusi\u00f3n<\/a><\/h2>\n<\/div>\n<\/div>\n\n\n\n<div style=\"height:12px\" aria-hidden=\"true\" class=\"wp-block-spacer\"><\/div>\n\n\n\n<hr class=\"wp-block-separator has-alpha-channel-opacity is-style-wide\" style=\"margin-top:0;margin-bottom:0\"\/>\n\n\n\n<h6 class=\"wp-elements-47a0d882bc74e78f89efd02131040046 wp-block-heading has-text-color has-link-color\" style=\"color:#921f53\">Acceso a trabajos cient\u00edficos<\/h6>\n\n\n\n<hr class=\"wp-block-separator has-alpha-channel-opacity is-style-wide\" style=\"margin-top:0;margin-bottom:0\"\/>\n\n\n\n<p style=\"font-size:13px;margin-top:var:preset|spacing|20;margin-bottom:var:preset|spacing|20\"><p style=\"margin-top:var(--wp--preset--spacing--20);margin-bottom:var(--wp--preset--spacing--20);font-size:13px\">Aqu\u00ed les presentamos enlaces de inter\u00e9s para realizar b\u00fasquedas de trabajos cient\u00edficos:<\/p><\/p>\n\n\n\n<ul class=\"wp-block-list\">\n\n\n\n\n\n<\/ul>\n\n\n\n<div style=\"height:12px\" aria-hidden=\"true\" class=\"wp-block-spacer\"><\/div>\n\n\n\n<h6 class=\"wp-elements-76bb0e57f33fbe445bd2d81846968906 wp-block-heading has-text-color has-link-color\" style=\"color:#921f53\">Becas<\/h6>\n\n\n\n<hr class=\"wp-block-separator has-alpha-channel-opacity is-style-wide\" style=\"margin-top:0;margin-bottom:0\"\/>\n\n\n\n<figure class=\"wp-block-image size-full\"><a href=\"https:\/\/cooperacion.stp.gov.py\/becas\/\" target=\"_blank\" rel=\"noreferrer noopener\"><img loading=\"lazy\" width=\"651\" height=\"109\" src=\"https:\/\/www.vet.una.py\/wp-content\/uploads\/2025\/04\/WhatsApp-Image-2025-04-21-at-08.56.04.jpeg\" alt=\"\" class=\"wp-image-2772\"\/><\/a><\/figure>\n\n\n\n<div style=\"height:12px\" aria-hidden=\"true\" class=\"wp-block-spacer\"><\/div>\n\n\n\n<h6 class=\"wp-elements-10e64e020133add1852e7ed3ab6fb8ff wp-block-heading has-text-color has-link-color\" style=\"color:#921f53\">CONACYT<\/h6>\n\n\n\n<hr class=\"wp-block-separator has-alpha-channel-opacity is-style-wide\" style=\"margin-top:0;margin-bottom:0\"\/>\n\n\n\n<figure class=\"wp-block-image size-full\"><a href=\"https:\/\/www.conacyt.gov.py\/\"><img loading=\"lazy\" width=\"545\" height=\"108\" src=\"https:\/\/www.vet.una.py\/wp-content\/uploads\/2025\/04\/WhatsApp-Image-2025-04-21-at-09.07.36.jpeg\" alt=\"\" class=\"wp-image-2777\"\/><\/a><\/figure>\n\n\n\n<div style=\"height:12px\" aria-hidden=\"true\" class=\"wp-block-spacer\"><\/div>\n\n\n\n<h6 class=\"wp-elements-9aa53547ece7f1a1cec269a8d4c22cec wp-block-heading has-text-color has-link-color\" style=\"color:#921f53\">Enlaces de Inter\u00e9s<\/h6>\n\n\n\n<hr class=\"wp-block-separator has-alpha-channel-opacity is-style-wide\" style=\"margin-top:0;margin-bottom:0\"\/>\n\n\n\n<ul class=\"wp-block-list\">\n\n\n\n\n\n\n\n\n\n\n\n<\/ul>\n\n\n\n<div style=\"height:12px\" aria-hidden=\"true\" class=\"wp-block-spacer\"><\/div>\n\n\n\n<h6 class=\"wp-elements-2d5eef91dfd15b25d049b4c72ede6d96 wp-block-heading has-text-color has-link-color\" style=\"color:#921f53\">Horario de Atenci\u00f3n<\/h6>\n\n\n\n<p style=\"font-size:15px;margin-top:0;margin-bottom:0\"><strong>Lunes a Viernes<\/strong><br>7:30 a 18:00 Hrs<\/p>\n<\/div>\n\n\n\n<div class=\"wp-container-6 wp-block-column is-vertically-aligned-top\" style=\"flex-basis:66.66%\">\n<div class=\"wp-container-5 wp-block-query\"><a     class=\"wp-block-tiptip-hyperlink-group-block\" >\n\n<figure class=\"wp-block-embed is-type-wp-embed is-provider-facultad-de-ciencias-veterinarias wp-block-embed-facultad-de-ciencias-veterinarias\"><div class=\"wp-block-embed__wrapper\">\n<blockquote class=\"wp-embedded-content\" data-secret=\"3QlG9xFyoR\"><span href=\"https:\/\/www.vet.una.py\/?page_id=5035\">Jornadas de J\u00f3venes Investigadores e Innovadores de la Universidad Nacional de Asunci\u00f3n (JJI+i-UNA)<\/span><\/blockquote><iframe class=\"wp-embedded-content\" sandbox=\"allow-scripts\" security=\"restricted\" style=\"position: absolute; clip: rect(1px, 1px, 1px, 1px);\" title=\"&#8220;Jornadas de J\u00f3venes Investigadores e Innovadores de la Universidad Nacional de Asunci\u00f3n (JJI+i-UNA)&#8221; &#8212; Facultad de Ciencias Veterinarias\" src=\"https:\/\/www.vet.una.py\/?page_id=5035&#038;embed=true#?secret=bHRmPleKUF#?secret=3QlG9xFyoR\" data-secret=\"3QlG9xFyoR\" width=\"500\" height=\"282\" frameborder=\"0\" marginwidth=\"0\" marginheight=\"0\" scrolling=\"no\"><\/iframe>\n<\/div><\/figure>\n\n\n\n<figure class=\"wp-block-embed is-type-wp-embed is-provider-facultad-de-ciencias-veterinarias wp-block-embed-facultad-de-ciencias-veterinarias\"><div class=\"wp-block-embed__wrapper\">\n<blockquote class=\"wp-embedded-content\" data-secret=\"mfFIKaZt4L\"><span href=\"https:\/\/www.vet.una.py\/?page_id=7644\">INCENTIVO A PUBLICACIONES CIENTIFICAS &#8211; FCV<\/span><\/blockquote><iframe class=\"wp-embedded-content\" sandbox=\"allow-scripts\" security=\"restricted\" style=\"position: absolute; clip: rect(1px, 1px, 1px, 1px);\" title=\"&#8220;INCENTIVO A PUBLICACIONES CIENTIFICAS &#8211; FCV&#8221; &#8212; Facultad de Ciencias Veterinarias\" src=\"https:\/\/www.vet.una.py\/?page_id=7644&#038;embed=true#?secret=1WAlIrnxS7#?secret=mfFIKaZt4L\" data-secret=\"mfFIKaZt4L\" width=\"500\" height=\"282\" frameborder=\"0\" marginwidth=\"0\" marginheight=\"0\" scrolling=\"no\"><\/iframe>\n<\/div><\/figure>\n\n\n\n<figure class=\"wp-block-embed is-type-wp-embed is-provider-facultad-de-ciencias-veterinarias wp-block-embed-facultad-de-ciencias-veterinarias\"><div class=\"wp-block-embed__wrapper\">\n<blockquote class=\"wp-embedded-content\" data-secret=\"9CZlGtOAXv\"><span href=\"https:\/\/www.vet.una.py\/?page_id=8142\">FONDOS CONCURSABLES DE INVESTIGACI\u00d3N<\/span><\/blockquote><iframe class=\"wp-embedded-content\" sandbox=\"allow-scripts\" security=\"restricted\" style=\"position: absolute; clip: rect(1px, 1px, 1px, 1px);\" title=\"&#8220;FONDOS CONCURSABLES DE INVESTIGACI\u00d3N&#8221; &#8212; Facultad de Ciencias Veterinarias\" src=\"https:\/\/www.vet.una.py\/?page_id=8142&#038;embed=true#?secret=VvPQe3pvPF#?secret=9CZlGtOAXv\" data-secret=\"9CZlGtOAXv\" width=\"500\" height=\"282\" frameborder=\"0\" marginwidth=\"0\" marginheight=\"0\" scrolling=\"no\"><\/iframe>\n<\/div><\/figure>\n\n\n\n<figure class=\"wp-block-embed is-type-wp-embed is-provider-facultad-de-ciencias-veterinarias wp-block-embed-facultad-de-ciencias-veterinarias\"><div class=\"wp-block-embed__wrapper\">\n<blockquote class=\"wp-embedded-content\" data-secret=\"T6p4TQPseU\"><span href=\"https:\/\/www.vet.una.py\/?page_id=4828\">Investigadores categorizados PRONII-SISNI<\/span><\/blockquote><iframe class=\"wp-embedded-content\" sandbox=\"allow-scripts\" security=\"restricted\" style=\"position: absolute; clip: rect(1px, 1px, 1px, 1px);\" title=\"&#8220;Investigadores categorizados PRONII-SISNI&#8221; &#8212; Facultad de Ciencias Veterinarias\" src=\"https:\/\/www.vet.una.py\/?page_id=4828&#038;embed=true#?secret=10a4H3g9GL#?secret=T6p4TQPseU\" data-secret=\"T6p4TQPseU\" width=\"500\" height=\"282\" frameborder=\"0\" marginwidth=\"0\" marginheight=\"0\" scrolling=\"no\"><\/iframe>\n<\/div><\/figure>\n\n<\/a>\n\n\n<figure class=\"wp-block-embed is-type-wp-embed is-provider-facultad-de-ciencias-veterinarias wp-block-embed-facultad-de-ciencias-veterinarias\"><div class=\"wp-block-embed__wrapper\">\n<blockquote class=\"wp-embedded-content\" data-secret=\"IpHd0HvGnJ\"><a href=\"https:\/\/www.vet.una.py\/?page_id=2456\">Proyectos<\/a><\/blockquote><iframe class=\"wp-embedded-content\" sandbox=\"allow-scripts\" security=\"restricted\" style=\"position: absolute; clip: rect(1px, 1px, 1px, 1px);\" title=\"&#8220;Proyectos&#8221; &#8212; Facultad de Ciencias Veterinarias\" src=\"https:\/\/www.vet.una.py\/?page_id=2456&#038;embed=true#?secret=ibCqLbdf7g#?secret=IpHd0HvGnJ\" data-secret=\"IpHd0HvGnJ\" width=\"500\" height=\"282\" frameborder=\"0\" marginwidth=\"0\" marginheight=\"0\" scrolling=\"no\"><\/iframe>\n<\/div><\/figure>\n\n\n\n<figure class=\"wp-block-embed is-type-wp-embed is-provider-facultad-de-ciencias-veterinarias wp-block-embed-facultad-de-ciencias-veterinarias\"><div class=\"wp-block-embed__wrapper\">\n<blockquote class=\"wp-embedded-content\" data-secret=\"zQVLQaBnBM\"><a href=\"https:\/\/www.vet.una.py\/?page_id=2454\">Revista<\/a><\/blockquote><iframe class=\"wp-embedded-content\" sandbox=\"allow-scripts\" security=\"restricted\" style=\"position: absolute; clip: rect(1px, 1px, 1px, 1px);\" title=\"&#8220;Revista&#8221; &#8212; Facultad de Ciencias Veterinarias\" src=\"https:\/\/www.vet.una.py\/?page_id=2454&#038;embed=true#?secret=IuYbziD91X#?secret=zQVLQaBnBM\" data-secret=\"zQVLQaBnBM\" width=\"500\" height=\"282\" frameborder=\"0\" marginwidth=\"0\" marginheight=\"0\" scrolling=\"no\"><\/iframe>\n<\/div><\/figure>\n\n\n\n<figure class=\"wp-block-image alignright size-large\"><a href=\"https:\/\/revistascientificas.una.py\/index.php\/comp\/index\"><img loading=\"lazy\" width=\"1024\" height=\"535\" src=\"https:\/\/www.vet.una.py\/wp-content\/uploads\/2025\/06\/homepageImage_es_ES-1024x535.png\" alt=\"\" class=\"wp-image-5031\" srcset=\"https:\/\/www.vet.una.py\/wp-content\/uploads\/2025\/06\/homepageImage_es_ES-1024x535.png 1024w, https:\/\/www.vet.una.py\/wp-content\/uploads\/2025\/06\/homepageImage_es_ES-300x157.png 300w, https:\/\/www.vet.una.py\/wp-content\/uploads\/2025\/06\/homepageImage_es_ES-768x401.png 768w, https:\/\/www.vet.una.py\/wp-content\/uploads\/2025\/06\/homepageImage_es_ES-1536x803.png 1536w, https:\/\/www.vet.una.py\/wp-content\/uploads\/2025\/06\/homepageImage_es_ES-2048x1071.png 2048w\" sizes=\"(max-width: 1024px) 100vw, 1024px\" \/><\/a><\/figure>\n\n\n\n<p><a href=\"https:\/\/revistascientificas.una.py\/index.php\/comp\/issue\/view\/410\" target=\"_blank\" rel=\"noreferrer noopener\">https:\/\/revistascientificas.una.py\/index.php\/comp\/issue\/view\/410<\/a><\/p>\n\n\n\n<figure class=\"wp-block-embed is-type-wp-embed is-provider-facultad-de-ciencias-veterinarias wp-block-embed-facultad-de-ciencias-veterinarias\"><div class=\"wp-block-embed__wrapper\">\n<blockquote class=\"wp-embedded-content\" data-secret=\"HFedsOEF6e\"><a href=\"https:\/\/www.vet.una.py\/?page_id=4415\">Publicaciones cient\u00edficas en revistas externas a la FCV-UNA<\/a><\/blockquote><iframe class=\"wp-embedded-content\" sandbox=\"allow-scripts\" security=\"restricted\" style=\"position: absolute; clip: rect(1px, 1px, 1px, 1px);\" title=\"&#8220;Publicaciones cient\u00edficas en revistas externas a la FCV-UNA&#8221; &#8212; Facultad de Ciencias Veterinarias\" src=\"https:\/\/www.vet.una.py\/?page_id=4415&#038;embed=true#?secret=BW6ucdvRQ9#?secret=HFedsOEF6e\" data-secret=\"HFedsOEF6e\" width=\"500\" height=\"282\" frameborder=\"0\" marginwidth=\"0\" marginheight=\"0\" scrolling=\"no\"><\/iframe>\n<\/div><\/figure>\n\n\n\n<figure class=\"wp-block-embed is-type-wp-embed is-provider-facultad-de-ciencias-veterinarias wp-block-embed-facultad-de-ciencias-veterinarias\"><div class=\"wp-block-embed__wrapper\">\n<blockquote class=\"wp-embedded-content\" data-secret=\"e4l0DU3C5i\"><a href=\"https:\/\/www.vet.una.py\/?page_id=4412\">Difusi\u00f3n en eventos cient\u00edficos<\/a><\/blockquote><iframe class=\"wp-embedded-content\" sandbox=\"allow-scripts\" security=\"restricted\" style=\"position: absolute; clip: rect(1px, 1px, 1px, 1px);\" title=\"&#8220;Difusi\u00f3n en eventos cient\u00edficos&#8221; &#8212; Facultad de Ciencias Veterinarias\" src=\"https:\/\/www.vet.una.py\/?page_id=4412&#038;embed=true#?secret=vcL6aw9zYt#?secret=e4l0DU3C5i\" data-secret=\"e4l0DU3C5i\" width=\"500\" height=\"282\" frameborder=\"0\" marginwidth=\"0\" marginheight=\"0\" scrolling=\"no\"><\/iframe>\n<\/div><\/figure>\n\n\n\n<p><\/p>\n\n\n\n<figure class=\"wp-block-embed is-type-wp-embed is-provider-facultad-de-ciencias-veterinarias wp-block-embed-facultad-de-ciencias-veterinarias\"><div class=\"wp-block-embed__wrapper\">\n<blockquote class=\"wp-embedded-content\" data-secret=\"GvG8PMnT1Z\"><a href=\"https:\/\/www.vet.una.py\/?page_id=2879\">Reglamentos<\/a><\/blockquote><iframe class=\"wp-embedded-content\" sandbox=\"allow-scripts\" security=\"restricted\" style=\"position: absolute; clip: rect(1px, 1px, 1px, 1px);\" title=\"&#8220;Reglamentos&#8221; &#8212; Facultad de Ciencias Veterinarias\" src=\"https:\/\/www.vet.una.py\/?page_id=2879&#038;embed=true#?secret=xwUKvQDXsa#?secret=GvG8PMnT1Z\" data-secret=\"GvG8PMnT1Z\" width=\"500\" height=\"282\" frameborder=\"0\" marginwidth=\"0\" marginheight=\"0\" scrolling=\"no\"><\/iframe>\n<\/div><\/figure>\n\n\n\n<figure class=\"wp-block-embed is-type-wp-embed is-provider-facultad-de-ciencias-veterinarias wp-block-embed-facultad-de-ciencias-veterinarias\"><div class=\"wp-block-embed__wrapper\">\n<blockquote class=\"wp-embedded-content\" data-secret=\"O3Wagekpf6\"><a href=\"https:\/\/www.vet.una.py\/?page_id=2452\">L\u00edneas de Investigaci\u00f3n<\/a><\/blockquote><iframe class=\"wp-embedded-content\" sandbox=\"allow-scripts\" security=\"restricted\" style=\"position: absolute; clip: rect(1px, 1px, 1px, 1px);\" title=\"&#8220;L\u00edneas de Investigaci\u00f3n&#8221; &#8212; Facultad de Ciencias Veterinarias\" src=\"https:\/\/www.vet.una.py\/?page_id=2452&#038;embed=true#?secret=z6pX7UXXEt#?secret=O3Wagekpf6\" data-secret=\"O3Wagekpf6\" width=\"500\" height=\"282\" frameborder=\"0\" marginwidth=\"0\" marginheight=\"0\" scrolling=\"no\"><\/iframe>\n<\/div><\/figure>\n\n\n\n<figure class=\"wp-block-embed is-type-wp-embed is-provider-facultad-de-ciencias-veterinarias wp-block-embed-facultad-de-ciencias-veterinarias\"><div class=\"wp-block-embed__wrapper\">\n<blockquote class=\"wp-embedded-content\" data-secret=\"q9dpJjkQog\"><a href=\"https:\/\/www.vet.una.py\/?page_id=2450\">Quienes Somos<\/a><\/blockquote><iframe class=\"wp-embedded-content\" sandbox=\"allow-scripts\" security=\"restricted\" style=\"position: absolute; clip: rect(1px, 1px, 1px, 1px);\" title=\"&#8220;Quienes Somos&#8221; &#8212; Facultad de Ciencias Veterinarias\" src=\"https:\/\/www.vet.una.py\/?page_id=2450&#038;embed=true#?secret=Y3XpzwZa8F#?secret=q9dpJjkQog\" data-secret=\"q9dpJjkQog\" width=\"500\" height=\"282\" frameborder=\"0\" marginwidth=\"0\" marginheight=\"0\" scrolling=\"no\"><\/iframe>\n<\/div><\/figure>\n\n\n<nav class=\"wp-container-4 is-content-justification-space-between aligncenter wp-block-query-pagination\" role=\"navigation\" aria-label=\"Paginaci\u00f3n\">\n\n\n<div class=\"wp-block-query-pagination-numbers\"><span aria-current=\"page\" class=\"page-numbers current\">1<\/span>\n<a class=\"page-numbers\" href=\"?query-10-page=2&#038;rest_route=%2Fwp%2Fv2%2Fpages%2F2447\">2<\/a>\n<a class=\"page-numbers\" href=\"?query-10-page=3&#038;rest_route=%2Fwp%2Fv2%2Fpages%2F2447\">3<\/a>\n<span class=\"page-numbers dots\">&hellip;<\/span>\n<a class=\"page-numbers\" href=\"?query-10-page=49&#038;rest_route=%2Fwp%2Fv2%2Fpages%2F2447\">49<\/a><\/div>\n\n<a href=\"\/index.php?rest_route=%2Fwp%2Fv2%2Fpages%2F2447&#038;query-10-page=2\" class=\"wp-block-query-pagination-next has-small-font-size\">P\u00e1gina siguiente<span class='wp-block-query-pagination-next-arrow is-arrow-arrow'>\u2192<\/span><\/a>\n<\/nav><\/div>\n<\/div>\n<\/div>\n","protected":false},"excerpt":{"rendered":"<p>Quienes somos L\u00edneas de Investigaci\u00f3n Revista Reglamentos Proyectos Difusi\u00f3n Acceso a trabajos cient\u00edficos Aqu\u00ed les [&hellip;]<\/p>\n","protected":false},"author":4,"featured_media":2499,"parent":0,"menu_order":0,"comment_status":"closed","ping_status":"closed","template":"","meta":[],"_links":{"self":[{"href":"https:\/\/www.vet.una.py\/index.php?rest_route=\/wp\/v2\/pages\/2447"}],"collection":[{"href":"https:\/\/www.vet.una.py\/index.php?rest_route=\/wp\/v2\/pages"}],"about":[{"href":"https:\/\/www.vet.una.py\/index.php?rest_route=\/wp\/v2\/types\/page"}],"author":[{"embeddable":true,"href":"https:\/\/www.vet.una.py\/index.php?rest_route=\/wp\/v2\/users\/4"}],"replies":[{"embeddable":true,"href":"https:\/\/www.vet.una.py\/index.php?rest_route=%2Fwp%2Fv2%2Fcomments&post=2447"}],"version-history":[{"count":83,"href":"https:\/\/www.vet.una.py\/index.php?rest_route=\/wp\/v2\/pages\/2447\/revisions"}],"predecessor-version":[{"id":10314,"href":"https:\/\/www.vet.una.py\/index.php?rest_route=\/wp\/v2\/pages\/2447\/revisions\/10314"}],"wp:featuredmedia":[{"embeddable":true,"href":"https:\/\/www.vet.una.py\/index.php?rest_route=\/wp\/v2\/media\/2499"}],"wp:attachment":[{"href":"https:\/\/www.vet.una.py\/index.php?rest_route=%2Fwp%2Fv2%2Fmedia&parent=2447"}],"curies":[{"name":"wp","href":"https:\/\/api.w.org\/{rel}","templated":true}]}}