{"id":1994,"date":"2025-04-07T11:35:59","date_gmt":"2025-04-07T14:35:59","guid":{"rendered":"http:\/\/10.1.5.86\/?page_id=1994"},"modified":"2025-06-20T08:10:51","modified_gmt":"2025-06-20T11:10:51","slug":"servicios-al-usuario","status":"publish","type":"page","link":"https:\/\/www.vet.una.py\/?page_id=1994","title":{"rendered":"Servicios al usuario"},"content":{"rendered":"\n<figure class=\"wp-container-2 wp-block-gallery-1 wp-block-gallery has-nested-images columns-6 is-cropped\">\n<figure class=\"wp-block-image size-large\"><a href=\"https:\/\/www.vet.una.py\/?page_id=501\"><img loading=\"lazy\" width=\"776\" height=\"279\" data-id=\"1574\"  src=\"https:\/\/www.vet.una.py\/wp-content\/uploads\/2025\/03\/inicio-1.png\" alt=\"\" class=\"wp-image-1574\"\/><\/a><\/figure>\n\n\n\n<figure class=\"wp-block-image size-full\"><a href=\"https:\/\/www.cnc.una.py\/opac\/\"><img loading=\"lazy\" width=\"774\" height=\"276\" data-id=\"2026\"  src=\"https:\/\/www.vet.una.py\/wp-content\/uploads\/2025\/04\/OPAC-SGB-1.png\" alt=\"\" class=\"wp-image-2026\"\/><\/a><\/figure>\n\n\n\n<figure class=\"wp-block-image size-full\"><a href=\"https:\/\/www.vet.una.py\/?page_id=1979\"><img loading=\"lazy\" width=\"774\" height=\"277\" data-id=\"1998\"  src=\"https:\/\/www.vet.una.py\/wp-content\/uploads\/2025\/04\/bibliotecas-virtuales.png\" alt=\"\" class=\"wp-image-1998\"\/><\/a><\/figure>\n\n\n\n<figure class=\"wp-block-image size-full\"><a href=\"https:\/\/www.vet.una.py\/?page_id=1983\"><img loading=\"lazy\" width=\"774\" height=\"277\" data-id=\"1999\"  src=\"https:\/\/www.vet.una.py\/wp-content\/uploads\/2025\/04\/catalogos.png\" alt=\"\" class=\"wp-image-1999\"\/><\/a><\/figure>\n\n\n\n<figure class=\"wp-block-image size-large\"><a href=\"https:\/\/www.vet.una.py\/?page_id=1986\"><img loading=\"lazy\" width=\"774\" height=\"277\" data-id=\"2002\"  src=\"https:\/\/www.vet.una.py\/wp-content\/uploads\/2025\/04\/revistas-electronicas.png\" alt=\"\" class=\"wp-image-2002\"\/><\/a><\/figure>\n\n\n\n<figure class=\"wp-block-image size-full\"><a href=\"https:\/\/www.vet.una.py\/?page_id=1994\"><img loading=\"lazy\" width=\"773\" height=\"277\" data-id=\"2001\"  src=\"https:\/\/www.vet.una.py\/wp-content\/uploads\/2025\/04\/servicios.png\" alt=\"\" class=\"wp-image-2001\"\/><\/a><\/figure>\n<\/figure>\n\n\n\n<div class=\"wp-container-5 wp-block-columns alignwide\">\n<div class=\"wp-container-3 wp-block-column\" style=\"flex-basis:10%\">\n<h6 class=\"wp-block-heading\">Categor\u00eda<\/h6>\n\n\n\n<hr class=\"wp-block-separator has-alpha-channel-opacity is-style-wide\" style=\"margin-top:0;margin-bottom:0\"\/>\n\n\n\n<p style=\"font-size:15px;margin-top:0;margin-bottom:0\"><a href=\"https:\/\/www.vet.una.py\/?page_id=2064\">Tesis de Grado<\/a><\/p>\n\n\n\n<p style=\"font-size:15px;margin-top:0;margin-bottom:0\"><a href=\"https:\/\/www.vet.una.py\/?page_id=2076\">Tesis de Posgrado<\/a><\/p>\n\n\n\n<p style=\"font-size:15px;margin-top:0;margin-bottom:0\">Libros<\/p>\n\n\n\n<p style=\"font-size:15px;margin-top:0;margin-bottom:0\">Revistas<\/p>\n\n\n\n<div style=\"height:12px\" aria-hidden=\"true\" class=\"wp-block-spacer\"><\/div>\n\n\n\n<h6 class=\"wp-block-heading\">Enlaces de inter\u00e9s<\/h6>\n\n\n\n<hr class=\"wp-block-separator has-alpha-channel-opacity is-style-wide\" style=\"margin-top:0;margin-bottom:0\"\/>\n\n\n\n<p style=\"font-size:15px;margin-top:0;margin-bottom:0\"><a href=\"https:\/\/cicco.conacyt.gov.py\/\">CICCO<\/a><\/p>\n\n\n\n<p style=\"font-size:15px;margin-top:0;margin-bottom:0\"><a href=\"https:\/\/biblioteca.una.py\/\">Libros Online<\/a><\/p>\n\n\n\n<p style=\"font-size:15px;margin-top:0;margin-bottom:0\"><a href=\"http:\/\/revaconacyt.org\/\">ReVAConacyt<\/a><\/p>\n\n\n\n<p style=\"font-size:15px;margin-top:0;margin-bottom:0\"><a href=\"https:\/\/revistascientificas.una.py\/\">Revista Cient\u00edfico-T\u00e9cnicas de la UNA<\/a><\/p>\n\n\n\n<div style=\"height:12px\" aria-hidden=\"true\" class=\"wp-block-spacer\"><\/div>\n\n\n\n<h6 class=\"wp-block-heading\">Horario de Atenci\u00f3n<\/h6>\n\n\n\n<p style=\"font-size:15px;margin-top:0;margin-bottom:0\"><strong>Lunes a Viernes<\/strong><br>7:30 a 18:00 Hrs<\/p>\n<\/div>\n\n\n\n<div class=\"wp-container-4 wp-block-column\" style=\"flex-basis:66.66%\">\n<h2 class=\"wp-elements-57e20d71b7ae8ce9c07d47a7dfce662a wp-block-heading has-work-sans-font-family has-text-color has-link-color\" style=\"color:#912f53;font-size:25px;text-transform:uppercase\">Servicio al P\u00fablico:<\/h2>\n\n\n\n<p>Desarrolla servicios al p\u00fablico que satisfagan las necesidades de informaci\u00f3n, a la vez potencia la asistencia al lector a trav\u00e9s de una mayor eficacia y calidad de servicio.<\/p>\n\n\n\n<h2 class=\"wp-elements-942eacc7d6056f4c9af7ed2894b5ee95 wp-block-heading has-work-sans-font-family has-foreground-color has-text-color has-link-color\" style=\"font-size:18px\">Los servicios que presta la Biblioteca y Centro de Documentaci\u00f3n e Informaci\u00f3n a sus usuarios son:<\/h2>\n\n\n\n<p><strong>Referencia:<\/strong>&nbsp;Asistencia al lector en la b\u00fasqueda de informaci\u00f3n, en el uso de las fuentes bibliogr\u00e1ficas por medios manuales o automatizados y gu\u00eda a los lectores en la selecci\u00f3n de los materiales.<\/p>\n\n\n\n<p><strong>Pr\u00e9stamo de materiales a domicilio:<\/strong>&nbsp;Los socios pueden retirar a domicilio los libros de la colecci\u00f3n general, como as\u00ed tambi\u00e9n las revistas.<\/p>\n\n\n\n<p><strong>Pr\u00e9stamo interbibliotecario:&nbsp;<\/strong>Dentro del marco de la Red de Bibliotecas Universitarias y con el objeto de ampliar la cobertura de los servicios se realizan pr\u00e9stamos entre la Biblioteca de la Facultad y las Bibliotecas de otras Facultades de la UNA.<\/p>\n\n\n\n<p><strong>Asesoramiento en trabajos de investigaci\u00f3n:<\/strong>&nbsp;Especialmente en lo que se refiere a estructura, presentaci\u00f3n de trabajos de investigaci\u00f3n, redacci\u00f3n de citas bibliogr\u00e1ficas y bibliogr\u00e1fias.<\/p>\n\n\n\n<p><strong>Reserva:<\/strong>&nbsp;Posibilita la reserva de libros temporalmente no disponibles.<\/p>\n\n\n\n<h2 class=\"wp-elements-cd22dc97cf3b6d6d3ec6b537d5651112 wp-block-heading has-work-sans-font-family has-text-color has-link-color\" style=\"color:#912f53;font-size:25px;text-transform:uppercase\">Extensi\u00f3n Bibliotecaria<\/h2>\n\n\n\n<p>La Biblioteca y Centro de Documentaci\u00f3n e Informaci\u00f3n presta servicios de asesoramiento a otras instituciones. Este asesoramiento se realiza a trav\u00e9s del personal profesional de la Biblioteca, quienes son designados para el efecto por el Decano de la Facultad a pedido de los interesados.<\/p>\n\n\n\n<h2 class=\"wp-elements-61d81f84e096ec145fb8e34ca9bfd76a wp-block-heading has-work-sans-font-family has-text-color has-link-color\" style=\"color:#912f53;font-size:25px;text-transform:uppercase\">Bibliogr\u00e1ficas Tem\u00e1ticas<\/h2>\n\n\n\n<p>Compilaci\u00f3n bibliogr\u00e1fica sobre temas espec\u00edficos solicitados por los usuarios.<\/p>\n\n\n\n<h2 class=\"wp-elements-c6208b4c0211081c57b19c2eae95b9ea wp-block-heading has-work-sans-font-family has-text-color has-link-color\" style=\"color:#912f53;font-size:25px;text-transform:uppercase\">Educaci\u00f3n de usuarios<\/h2>\n\n\n\n<p>Se imparte en forma sistem\u00e1tica a los alumnos del primer curso de la Facultad con el nombre de Comunicaci\u00f3n\/Uso de Biblioteca de acuerdo a un plan o programa de estudio.<\/p>\n\n\n\n<p>Incluyen adem\u00e1s esta orientaci\u00f3n a los alumnos del primer curso de la Facultad de Concepci\u00f3n de la Universidad Nacional de Asunci\u00f3n.<\/p>\n\n\n\n<p>A otros usuarios se imparte instrucci\u00f3n a pedido de los mismos o de los profesores, que necesitan orientaci\u00f3n para sus trabajos. Este adiestramiento incluye: Redacci\u00f3n de bibliogr\u00e1ficas, m\u00e9todo de investigaci\u00f3n, uso de los distintos tipos de materiales ya sean de referencia, colecci\u00f3n general, publicaciones peri\u00f3dicas y otros.<\/p>\n\n\n\n<h2 class=\"wp-elements-c400c3cd7a7b2317c63ed69fbb112fa4 wp-block-heading has-work-sans-font-family has-text-color has-link-color\" style=\"color:#912f53;font-size:25px;text-transform:uppercase\">Difusi\u00f3n y Publicaci\u00f3n<\/h2>\n\n\n\n<p>Edici\u00f3n de publicaciones Se accede a la informaci\u00f3n de inter\u00e9s, a trav\u00e9s de: cat\u00e1logos de publicaciones recibidas, bibliograf\u00edas tem\u00e1ticas, \u00edndices y gu\u00edas.<\/p>\n\n\n\n<h2 class=\"wp-elements-9ec78132c3d40161e99998575d30bab8 wp-block-heading has-work-sans-font-family has-text-color has-link-color\" style=\"color:#912f53;font-size:25px;text-transform:uppercase\">Catalogaci\u00f3n en la fuente:<\/h2>\n\n\n\n<p>Realizada en las Tesis presentadas para obtener el t\u00edtulo de Dr. en Ciencias Veterinarias, Maestr\u00edas, post grados en general y a toda persona interesada.<\/p>\n\n\n\n<h2 class=\"wp-elements-96c30c36783a64d32cf799a32baf7a60 wp-block-heading has-work-sans-font-family has-text-color has-link-color\" style=\"color:#912f53;font-size:25px;text-transform:uppercase\">Laboratorio de Inform\u00e1tica:<\/h2>\n\n\n\n<p>Los usuarios pueden acceder a Internet, como as\u00ed tambi\u00e9n tienen la posibilidad de digitar e imprimir sus trabajos.<\/p>\n\n\n\n<h2 class=\"wp-elements-9a9be9c7b2deb93fe408e778cfcfc3b6 wp-block-heading has-work-sans-font-family has-text-color has-link-color\" style=\"color:#912f53;font-size:25px;text-transform:uppercase\">Ventas de libros de la O.P.S.<\/h2>\n\n\n\n<p>Ofrece libros e instrumentales para la venta a precios reducidos a trav\u00e9s del Convenio FCV-UNA\/OPS, Programa PALTEX.<\/p>\n\n\n\n<p><a href=\"https:\/\/www.vet.una.py\/biblioteca\/\"><\/a><br><\/p>\n<\/div>\n<\/div>\n","protected":false},"excerpt":{"rendered":"<p>Categor\u00eda Tesis de Grado Tesis de Posgrado Libros Revistas Enlaces de inter\u00e9s CICCO Libros Online [&hellip;]<\/p>\n","protected":false},"author":4,"featured_media":2017,"parent":0,"menu_order":0,"comment_status":"closed","ping_status":"closed","template":"","meta":[],"_links":{"self":[{"href":"https:\/\/www.vet.una.py\/index.php?rest_route=\/wp\/v2\/pages\/1994"}],"collection":[{"href":"https:\/\/www.vet.una.py\/index.php?rest_route=\/wp\/v2\/pages"}],"about":[{"href":"https:\/\/www.vet.una.py\/index.php?rest_route=\/wp\/v2\/types\/page"}],"author":[{"embeddable":true,"href":"https:\/\/www.vet.una.py\/index.php?rest_route=\/wp\/v2\/users\/4"}],"replies":[{"embeddable":true,"href":"https:\/\/www.vet.una.py\/index.php?rest_route=%2Fwp%2Fv2%2Fcomments&post=1994"}],"version-history":[{"count":20,"href":"https:\/\/www.vet.una.py\/index.php?rest_route=\/wp\/v2\/pages\/1994\/revisions"}],"predecessor-version":[{"id":4661,"href":"https:\/\/www.vet.una.py\/index.php?rest_route=\/wp\/v2\/pages\/1994\/revisions\/4661"}],"wp:featuredmedia":[{"embeddable":true,"href":"https:\/\/www.vet.una.py\/index.php?rest_route=\/wp\/v2\/media\/2017"}],"wp:attachment":[{"href":"https:\/\/www.vet.una.py\/index.php?rest_route=%2Fwp%2Fv2%2Fmedia&parent=1994"}],"curies":[{"name":"wp","href":"https:\/\/api.w.org\/{rel}","templated":true}]}}