{"id":1355,"date":"2025-03-14T10:18:57","date_gmt":"2025-03-14T13:18:57","guid":{"rendered":"http:\/\/10.1.5.86\/?page_id=1355"},"modified":"2026-02-12T22:15:03","modified_gmt":"2026-02-13T01:15:03","slug":"admision-periodo-2025","status":"publish","type":"page","link":"https:\/\/www.vet.una.py\/?page_id=1355","title":{"rendered":"Informaciones generales"},"content":{"rendered":"\n<div style=\"height:1px\" aria-hidden=\"true\" class=\"wp-block-spacer\"><\/div>\n\n\n\n<p>La Comisi\u00f3n de Admisi\u00f3n de la Facultad de Ciencias Veterinarias, informa a todos los Postulantes del periodo 2026 del Reglamento de Admisi\u00f3n y las instrucciones para el llenado de las hojas de los ex\u00e1menes<\/p>\n\n\n\n<p><a rel=\"noreferrer noopener\" href=\"https:\/\/www.vet.una.py\/wp-content\/uploads\/2026\/02\/REUNION-POSTULANTES-2026.pptx\" target=\"_blank\"><strong>Reglamento de Admisi\u00f3n<\/strong><\/a><\/p>\n\n\n\n<p><a rel=\"noreferrer noopener\" href=\"https:\/\/www.vet.una.py\/wp-content\/uploads\/2026\/02\/instrucciones-hojaadmision2026.pdf\" target=\"_blank\"><strong>Instrucciones de llenado de hojas<\/strong><\/a><\/p>\n\n\n\n<details class=\"wp-block-details has-text-color has-link-color\" style=\"color:#921f53\"><summary>ADMISI\u00d3N PERIODO 2026<\/summary>\n<figure class=\"wp-block-image aligncenter size-full\"><img src=\"https:\/\/www.vet.una.py\/wp-content\/uploads\/2025\/12\/600268111_1380605840520763_2806826990172764210_n.jpg\" alt=\"\" class=\"wp-image-1356\"><\/figure>\n<figure class=\"wp-block-image size-full\"><img src=\"https:\/\/www.vet.una.py\/wp-content\/uploads\/2026\/01\/inscripcion-etramite-vet2026.jpeg\" alt=\"\" class=\"wp-image-1357\"><\/figure>\n<figure class=\"wp-block-image size-full\"><img src=\"https:\/\/www.vet.una.py\/wp-content\/uploads\/2026\/02\/WhatsApp-Image-2026-02-02-at-4.58.12-PM.jpeg\" alt=\"\" class=\"wp-image-1358\"><\/figure>\n<\/details>\n\n\n\n<details class=\"wp-block-details has-text-color has-link-color\" style=\"color:#921f53\"><summary>ADMISI\u00d3N PERIODO 2025<\/summary>\n<figure class=\"wp-block-image aligncenter size-full\"><img loading=\"lazy\" width=\"2000\" height=\"2000\" src=\"https:\/\/www.vet.una.py\/wp-content\/uploads\/2025\/03\/475882180_1133131708601512_9086029129590707813_n.jpg\" alt=\"\" class=\"wp-image-1356\"><\/figure>\n<figure class=\"wp-block-image size-full\"><img loading=\"lazy\" width=\"1600\" height=\"1600\" src=\"https:\/\/www.vet.una.py\/wp-content\/uploads\/2025\/03\/476816034_1133131905268159_1077695068032765812_n.jpg\" alt=\"\" class=\"wp-image-1357\"><\/figure>\n<figure class=\"wp-block-image size-full\"><img loading=\"lazy\" width=\"1600\" height=\"1600\" src=\"https:\/\/www.vet.una.py\/wp-content\/uploads\/2025\/03\/476168810_1133131961934820_2500481111840446570_n.jpg\" alt=\"\" class=\"wp-image-1358\"><\/figure>\n<\/details>\n\n\n\n<details class=\"wp-block-details has-text-color has-link-color\" style=\"color:#921f53\"><summary>ADMISI\u00d3N PERIODO 2024<\/summary>\n<figure class=\"wp-block-image aligncenter size-full\"><img loading=\"lazy\" width=\"1600\" height=\"1600\" src=\"https:\/\/www.vet.una.py\/wp-content\/uploads\/2025\/03\/admision-1.jpg\" alt=\"\" class=\"wp-image-1296\"><\/figure>\n<p>l<\/p>\n<figure class=\"wp-block-image aligncenter size-full\"><img loading=\"lazy\" width=\"1600\" height=\"1600\" src=\"https:\/\/www.vet.una.py\/wp-content\/uploads\/2025\/03\/admision-2.jpg\" alt=\"\" class=\"wp-image-1297\"><\/figure>\n<p class=\"has-text-align-center\">Formulario de Examen de Admisi\u00f3n 2024<\/p>\n<figure class=\"wp-block-image aligncenter size-full\"><img loading=\"lazy\" width=\"1600\" height=\"1600\" src=\"https:\/\/www.vet.una.py\/wp-content\/uploads\/2025\/03\/admision-3.jpg\" alt=\"\" class=\"wp-image-1298\"><\/figure>\n<p class=\"has-text-align-center\">Formulario de Gratuidad Postulantes 2024<\/p>\n<\/details>\n\n\n\n<details class=\"wp-block-details has-text-color has-link-color\" style=\"color:#921f53\"><summary>ADMISI\u00d3N PERIODO 2023<\/summary>\n<h2 class=\"wp-block-heading has-text-align-left has-text-color has-link-color has-work-sans-font-family\" style=\"color:#921f53;font-size:25px\"><strong>CURSO INTENSIVO PARA ADMISI\u00d3N, PERIODO 2022-2023<\/strong><\/h2>\n<figure class=\"wp-block-image size-full\"><img loading=\"lazy\" width=\"1280\" height=\"1280\" src=\"https:\/\/www.vet.una.py\/wp-content\/uploads\/2025\/03\/admision-4.jpg\" alt=\"\" class=\"wp-image-1300\"><\/figure>\n<hr class=\"wp-block-separator has-alpha-channel-opacity\">\n<h3 class=\"wp-block-heading has-text-align-left has-text-color has-link-color has-work-sans-font-family\" style=\"color:#921f53;font-size:25px;text-transform:uppercase\"><strong>Inversi\u00f3n Periodo 2022-2023<\/strong><\/h3>\n<figure class=\"wp-block-image size-full\"><img loading=\"lazy\" width=\"1024\" height=\"1024\" src=\"https:\/\/www.vet.una.py\/wp-content\/uploads\/2025\/03\/admision-5.jpg\" alt=\"\" class=\"wp-image-1301\"><\/figure>\n<hr class=\"wp-block-separator has-alpha-channel-opacity\">\n<h3 class=\"wp-block-heading has-text-align-left has-text-color has-link-color has-work-sans-font-family\" style=\"color:#921f53;font-size:25px;text-transform:uppercase\"><strong>Requisitos para Admisi\u00f3n FCV-UNA Periodo 2022-2023<\/strong><\/h3>\n<figure class=\"wp-block-image size-full\"><img loading=\"lazy\" width=\"1277\" height=\"1280\" src=\"https:\/\/www.vet.una.py\/wp-content\/uploads\/2025\/03\/admision-6.jpg\" alt=\"\" class=\"wp-image-1302\"><\/figure>\n<h3 class=\"wp-block-heading has-text-align-center has-text-color has-link-color has-work-sans-font-family\" style=\"color:#921f53;font-size:25px;text-transform:uppercase\"><strong>Para Solicitud de Arancel Cero. Periodo de Admisi\u00f3n 2022-2023<\/strong><\/h3>\n<figure class=\"wp-block-image size-full\"><img loading=\"lazy\" width=\"1277\" height=\"1280\" src=\"https:\/\/www.vet.una.py\/wp-content\/uploads\/2025\/03\/admision-7.jpg\" alt=\"\" class=\"wp-image-1303\"><\/figure>\n<p class=\"has-text-align-center\">Formulario de Gratuidad Postulantes 2024<\/p>\n<\/details>\n\n\n\n<p><\/p>\n","protected":false},"excerpt":{"rendered":"<p>La Comisi\u00f3n de Admisi\u00f3n de la Facultad de Ciencias Veterinarias, informa a todos los Postulantes [&hellip;]<\/p>\n","protected":false},"author":4,"featured_media":1437,"parent":0,"menu_order":0,"comment_status":"closed","ping_status":"closed","template":"","meta":[],"_links":{"self":[{"href":"https:\/\/www.vet.una.py\/index.php?rest_route=\/wp\/v2\/pages\/1355"}],"collection":[{"href":"https:\/\/www.vet.una.py\/index.php?rest_route=\/wp\/v2\/pages"}],"about":[{"href":"https:\/\/www.vet.una.py\/index.php?rest_route=\/wp\/v2\/types\/page"}],"author":[{"embeddable":true,"href":"https:\/\/www.vet.una.py\/index.php?rest_route=\/wp\/v2\/users\/4"}],"replies":[{"embeddable":true,"href":"https:\/\/www.vet.una.py\/index.php?rest_route=%2Fwp%2Fv2%2Fcomments&post=1355"}],"version-history":[{"count":19,"href":"https:\/\/www.vet.una.py\/index.php?rest_route=\/wp\/v2\/pages\/1355\/revisions"}],"predecessor-version":[{"id":9753,"href":"https:\/\/www.vet.una.py\/index.php?rest_route=\/wp\/v2\/pages\/1355\/revisions\/9753"}],"wp:featuredmedia":[{"embeddable":true,"href":"https:\/\/www.vet.una.py\/index.php?rest_route=\/wp\/v2\/media\/1437"}],"wp:attachment":[{"href":"https:\/\/www.vet.una.py\/index.php?rest_route=%2Fwp%2Fv2%2Fmedia&parent=1355"}],"curies":[{"name":"wp","href":"https:\/\/api.w.org\/{rel}","templated":true}]}}